{"id":3693,"date":"2021-12-12T22:36:56","date_gmt":"2021-12-12T21:36:56","guid":{"rendered":"https:\/\/www.sovamm.cz\/wordpress\/?post_type=tribe_events&#038;p=3693"},"modified":"2026-01-19T17:44:37","modified_gmt":"2026-01-19T16:44:37","slug":"vystava-mv","status":"publish","type":"tribe_events","link":"https:\/\/sovamm.cz\/wordpress\/event\/vystava-mv\/","title":{"rendered":"V\u00fdstava M\u00e1\u010del \u2014 Vajdi\u0161"},"content":{"rendered":"<p>Ve spolupr\u00e1ci s&nbsp;brn\u011bnsk\u00fdm \u00fazemn\u00edm odborn\u00fdm pracovi\u0161t\u011bm NP\u00da p\u0159ipravil SOVAMM v\u00fdstavu d\u00edla architekt\u016f <a href=\"https:\/\/www.sovamm.cz\/wordpress\/macel-vajdis\/otakar-macel\/\">Otakara M\u00e1\u010dela (1920\u20141997)<\/a> a&nbsp;<a href=\"https:\/\/www.sovamm.cz\/wordpress\/macel-vajdis\/jaroslav-vajdis\/\">Jaroslava Vajdi\u0161e (1920\u20142006)<\/a>.<!--more--><\/p>\n<p>V\u00fdstava se kon\u00e1 v&nbsp;p\u0159edn\u00e1\u0161kov\u00e1 budov\u011b v&nbsp;are\u00e1lu vily Stiassni, Hroznov\u00e1 82\/14, Brno. Byla zah\u00e1jena 17.&nbsp;12 .2021 v&nbsp;17:00 a&nbsp;potrv\u00e1 a\u017e do 28.&nbsp;3.&nbsp;2022. Bude mo\u017eno ji nav\u0161t\u00edvit v&nbsp;otev\u00edrac\u00ed dob\u011b villy od p\u00e1tku do pond\u011bl\u00ed od 9:00 do 17:00 hodin.<br \/>\nV&nbsp;prostor\u00e1ch v\u00fdstavy uskute\u010dn\u00ed 17.&nbsp;b\u0159ezna od 10:00 odborn\u00e9 setk\u00e1n\u00ed s&nbsp;komentovanou prohl\u00eddkou a&nbsp;v&nbsp;sobotu 26.&nbsp;b\u0159ezna od 13:00 setk\u00e1n\u00ed k&nbsp;zakon\u010den\u00ed v\u00fdstavy.<\/p>\n<p>\u010c\u00e1st expon\u00e1t\u016f a\u00a0je\u0161t\u011b n\u011bco nav\u00edc z\u00a0fotografi\u00ed, maleb, kreseb a\u00a0projekt\u016f, kter\u00e9 se n\u00e1m do v\u00fdstavn\u00edho prostoru neve\u0161ly, si m\u016f\u017eete prohl\u00e9dnout online\u00a0<a href=\"https:\/\/www.sovamm.cz\/wordpress\/macel-vajdis\/vystava-macel-vajdis\/\">zde<\/a>.<\/p>\n<p>V\u00fdstava realizov\u00e1na za finan\u010dn\u00ed podpory Ministerstva kultury \u010cR.<\/p>\n<a href=\"https:\/\/sovamm.cz\/wordpress\/wp-content\/uploads\/2021\/12\/letak_MV_2021-12-06-orez.pdf\" class=\"pdfemb-viewer\" style=\"\" data-width=\"max\" data-height=\"max\" data-toolbar=\"bottom\" data-toolbar-fixed=\"off\">letak_MV_2021-12-06-orez<\/a>\n<ul>\n<li><a href=\"https:\/\/www.sovamm.cz\/wordpress\/wp-content\/uploads\/2021\/12\/letak_MV_2021-12-06-orez.pdf\" target=\"_blank\" rel=\"noopener\">Leaflet ke sta\u017een\u00ed<\/a><\/li>\n<li><a href=\"https:\/\/www.sovamm.cz\/wordpress\/wp-content\/uploads\/2022\/03\/MV_Prezentace_20220317r.pdf\" target=\"_blank\" rel=\"noopener\">Prezentace z&nbsp;odborn\u00e9ho setk\u00e1n\u00ed 17.&nbsp;b\u0159ezna 2022<\/a><\/li>\n<li><a href=\"https:\/\/www.sovamm.cz\/wordpress\/macel-vajdis\/\">V\u00edce o&nbsp;v\u00fdstav\u011b a&nbsp;d\u00edle architekt\u016f M\u00e1\u010dela a&nbsp;Vajdi\u0161e<\/a>\n<ul>\n<li><a href=\"https:\/\/www.sovamm.cz\/wordpress\/macel-vajdis\/otakar-macel\/\">Otakar M\u00e1\u010del (1920\u20141997)<\/a><\/li>\n<li><a href=\"https:\/\/www.sovamm.cz\/wordpress\/macel-vajdis\/jaroslav-vajdis\/\">Jaroslav Vajdi\u0161 (1920\u20142006)<\/a><\/li>\n<\/ul>\n<\/li>\n<\/ul>\n<p>&nbsp;<\/p>\n<ul>\n<li><a href=\"https:\/\/www.vila-stiassni.cz\/cs\/akce\/78559-vystava-dila-architektu-jaroslava-vajdise-a-otakara-macela-ve-vile-stiassni\" target=\"_blank\" rel=\"noopener\">V\u00fdstava d\u00edla architekt\u016f Jaroslava Vajdi\u0161e a&nbsp;Otakara M\u00e1\u010dela ve vile Stiassni<\/a><\/li>\n<li><a href=\"https:\/\/www.vila-stiassni.cz\/cs\/informace-pro-navstevniky\/navstevni-doba\" target=\"_blank\" rel=\"noopener\">Otev\u00edrac\u00ed doba vily Stiassni.<\/a><\/li>\n<li><a href=\"https:\/\/www.vila-stiassni.cz\/cs\/informace-pro-navstevniky\/jak-se-k-nam-dostanete\" target=\"_blank\" rel=\"noopener\">Kudy do vily<\/a><\/li>\n<\/ul>\n","protected":false},"excerpt":{"rendered":"<p>V\u00fdstava d\u00edla architekt\u016f Otakara M\u00e1\u010dela (1920\u20141997) a&nbsp;Jaroslava Vajdi\u0161e (1920\u20142006).<br \/>\nP\u0159ipravil SOVAMM ve spolupr\u00e1ci s&nbsp;brn\u011bnsk\u00fdm \u00daOP NP\u00da<\/p>\n","protected":false},"author":2,"featured_media":3701,"template":"","meta":{"jetpack_post_was_ever_published":false,"_tribe_events_status":"","_tribe_events_status_reason":"","footnotes":""},"tags":[401,217],"tribe_events_cat":[71],"class_list":["post-3693","tribe_events","type-tribe_events","status-publish","has-post-thumbnail","hentry","tag-vystava","tag-vystava-macel-vajdis","tribe_events_cat-sovamm","cat_sovamm"],"jetpack_sharing_enabled":true,"_links":{"self":[{"href":"https:\/\/sovamm.cz\/wordpress\/wp-json\/wp\/v2\/tribe_events\/3693","targetHints":{"allow":["GET"]}}],"collection":[{"href":"https:\/\/sovamm.cz\/wordpress\/wp-json\/wp\/v2\/tribe_events"}],"about":[{"href":"https:\/\/sovamm.cz\/wordpress\/wp-json\/wp\/v2\/types\/tribe_events"}],"author":[{"embeddable":true,"href":"https:\/\/sovamm.cz\/wordpress\/wp-json\/wp\/v2\/users\/2"}],"version-history":[{"count":16,"href":"https:\/\/sovamm.cz\/wordpress\/wp-json\/wp\/v2\/tribe_events\/3693\/revisions"}],"predecessor-version":[{"id":7301,"href":"https:\/\/sovamm.cz\/wordpress\/wp-json\/wp\/v2\/tribe_events\/3693\/revisions\/7301"}],"wp:featuredmedia":[{"embeddable":true,"href":"https:\/\/sovamm.cz\/wordpress\/wp-json\/wp\/v2\/media\/3701"}],"wp:attachment":[{"href":"https:\/\/sovamm.cz\/wordpress\/wp-json\/wp\/v2\/media?parent=3693"}],"wp:term":[{"taxonomy":"post_tag","embeddable":true,"href":"https:\/\/sovamm.cz\/wordpress\/wp-json\/wp\/v2\/tags?post=3693"},{"taxonomy":"tribe_events_cat","embeddable":true,"href":"https:\/\/sovamm.cz\/wordpress\/wp-json\/wp\/v2\/tribe_events_cat?post=3693"}],"curies":[{"name":"wp","href":"https:\/\/api.w.org\/{rel}","templated":true}]}}

Výstava Máčel — Vajdiš

<p>Ve spolupráci s&nbsp;brněnským územním odborným pracovištěm NPÚ připravil SOVAMM výstavu díla architektů <a href="https://www.sovamm.cz/wordpress/macel-vajdis/otakar-macel/">Otakara Máčela (1920—1997)</a> a&nbsp;<a href="https://www.sovamm.cz/wordpress/macel-vajdis/jaroslav-vajdis/">Jaroslava Vajdiše (1920—2006)</a>.<!--more--></p>
<p>Výstava se koná v&nbsp;přednášková budově v&nbsp;areálu vily Stiassni, Hroznová 82/14, Brno. Byla zahájena 17.&nbsp;12 .2021 v&nbsp;17:00 a&nbsp;potrvá až do 28.&nbsp;3.&nbsp;2022. Bude možno ji navštívit v&nbsp;otevírací době villy od pátku do pondělí od 9:00 do 17:00 hodin.<br />
V&nbsp;prostorách výstavy uskuteční 17.&nbsp;března od 10:00 odborné setkání s&nbsp;komentovanou prohlídkou a&nbsp;v&nbsp;sobotu 26.&nbsp;března od 13:00 setkání k&nbsp;zakončení výstavy.</p>
<p>Část exponátů a ještě něco navíc z fotografií, maleb, kreseb a projektů, které se nám do výstavního prostoru nevešly, si můžete prohlédnout online <a href="https://www.sovamm.cz/wordpress/macel-vajdis/vystava-macel-vajdis/">zde</a>.</p>
<p>Výstava realizována za finanční podpory Ministerstva kultury ČR.</p>
<a href="https://sovamm.cz/wordpress/wp-content/uploads/2021/12/letak_MV_2021-12-06-orez.pdf" class="pdfemb-viewer" style="" data-width="max" data-height="max" data-toolbar="bottom" data-toolbar-fixed="off">letak_MV_2021-12-06-orez</a>
<ul>
<li><a href="https://www.sovamm.cz/wordpress/wp-content/uploads/2021/12/letak_MV_2021-12-06-orez.pdf" target="_blank" rel="noopener">Leaflet ke stažení</a></li>
<li><a href="https://www.sovamm.cz/wordpress/wp-content/uploads/2022/03/MV_Prezentace_20220317r.pdf" target="_blank" rel="noopener">Prezentace z&nbsp;odborného setkání 17.&nbsp;března 2022</a></li>
<li><a href="https://www.sovamm.cz/wordpress/macel-vajdis/">Více o&nbsp;výstavě a&nbsp;díle architektů Máčela a&nbsp;Vajdiše</a>
<ul>
<li><a href="https://www.sovamm.cz/wordpress/macel-vajdis/otakar-macel/">Otakar Máčel (1920—1997)</a></li>
<li><a href="https://www.sovamm.cz/wordpress/macel-vajdis/jaroslav-vajdis/">Jaroslav Vajdiš (1920—2006)</a></li>
</ul>
</li>
</ul>
<p>&nbsp;</p>
<ul>
<li><a href="https://www.vila-stiassni.cz/cs/akce/78559-vystava-dila-architektu-jaroslava-vajdise-a-otakara-macela-ve-vile-stiassni" target="_blank" rel="noopener">Výstava díla architektů Jaroslava Vajdiše a&nbsp;Otakara Máčela ve vile Stiassni</a></li>
<li><a href="https://www.vila-stiassni.cz/cs/informace-pro-navstevniky/navstevni-doba" target="_blank" rel="noopener">Otevírací doba vily Stiassni.</a></li>
<li><a href="https://www.vila-stiassni.cz/cs/informace-pro-navstevniky/jak-se-k-nam-dostanete" target="_blank" rel="noopener">Kudy do vily</a></li>
</ul>

<p>Výstava díla architektů Otakara Máčela (1920—1997) a&nbsp;Jaroslava Vajdiše (1920—2006).<br />
Připravil SOVAMM ve spolupráci s&nbsp;brněnským ÚOP NPÚ</p>
