{"id":6810,"date":"2025-03-13T16:39:51","date_gmt":"2025-03-13T15:39:51","guid":{"rendered":"https:\/\/sovamm.cz\/wordpress\/?page_id=6810"},"modified":"2026-02-22T22:18:42","modified_gmt":"2026-02-22T21:18:42","slug":"exhibitions","status":"publish","type":"page","link":"https:\/\/sovamm.cz\/wordpress\/en\/exhibitions\/","title":{"rendered":"Exhibitions"},"content":{"rendered":"<p>We organized:<\/p>\n<ul>\n<li><a href=\"https:\/\/sovamm.cz\/wordpress\/en\/exhibitions\/earthen-architecture-the-future-of-a-thousand-year-old-tradition\/\"><strong>Earthen architecture, the future of a&nbsp;thousand-year-old tradition <\/strong><\/a><br \/>\nP\u0159\u00edkazy 12\/1997\u00a0\u2013\u00a010\/1998<\/li>\n<li><a href=\"https:\/\/sovamm.cz\/wordpress\/en\/macel-vajdis-2\/exhibition-macel-vajdis\/\"><strong>M\u00e1\u010del\u00a0\u2013\u00a0Vajdi\u0161<\/strong><\/a><br \/>\nBrno\u00a0 17.12.2021\u00a0\u2013\u00a028.3.2022<\/li>\n<li><a href=\"https:\/\/sovamm.cz\/wordpress\/en\/exhibitions\/exhibition-bohumil-vavrousek-photographer\/\"><strong>Bohumil Vavrou\u0161ek, photographer<\/strong><\/a><br \/>\nBrno 17.5.2025\u00a0\u2013\u00a031.8.2025<\/li>\n<\/ul>\n<p>We prepare:<\/p>\n<ul>\n<li><a href=\"https:\/\/sovamm.cz\/wordpress\/en\/exhibitions\/exhibition-bohumil-vavrousek-photographer\/\"><strong>Bohumil Vavrou\u0161ek, photographer<\/strong><\/a><br \/>\nKa\u010dina 23.3.2026 \u2013 31.12.2026<\/li>\n<li><a href=\"https:\/\/sovamm.cz\/wordpress\/en\/exhibitions\/historical-architecture-not-only-vernacular\/\">Historical architecture not only vernacular<br \/>\n<\/a>\u00dast\u00ed nad Orlic\u00ed 26.2.2026\u201317.5.2026<br \/>\nSob\u011bslav 23.8.2026\u201330.9.2026<\/li>\n<\/ul>\n<p>Other:<\/p>\n<ul>\n<li><strong><a href=\"https:\/\/sovamm.cz\/wordpress\/en\/exhibitions\/exhibition-josef-suta-master-builder-1863-1941\/\">Josef \u0160uta, master builder (1863-1941)<\/a><\/strong><br \/>\nUhersk\u00fd Ostroh 16.9.2017\u201319.11.2017<\/li>\n<\/ul>\n","protected":false},"excerpt":{"rendered":"<p>We organized: Earthen architecture, the future of a&nbsp;thousand-year-old tradition P\u0159\u00edkazy 12\/1997\u00a0\u2013\u00a010\/1998 M\u00e1\u010del\u00a0\u2013\u00a0Vajdi\u0161 Brno\u00a0 17.12.2021\u00a0\u2013\u00a028.3.2022 Bohumil Vavrou\u0161ek, photographer Brno 17.5.2025\u00a0\u2013\u00a031.8.2025 We prepare: Bohumil Vavrou\u0161ek, photographer Ka\u010dina 23.3.2026 \u2013 31.12.2026 Historical architecture &hellip; <a href=\"https:\/\/sovamm.cz\/wordpress\/en\/exhibitions\/\" class=\"more-link\">Pokra\u010dov\u00e1n\u00ed textu <span class=\"screen-reader-text\">Exhibitions<\/span> <span class=\"meta-nav\">&rarr;<\/span><\/a><\/p>\n","protected":false},"author":2,"featured_media":6782,"parent":0,"menu_order":4,"comment_status":"closed","ping_status":"closed","template":"","meta":{"jetpack_post_was_ever_published":false,"footnotes":""},"class_list":["post-6810","page","type-page","status-publish","has-post-thumbnail","hentry"],"jetpack_shortlink":"https:\/\/wp.me\/P8dB8l-1LQ","jetpack_sharing_enabled":true,"_links":{"self":[{"href":"https:\/\/sovamm.cz\/wordpress\/wp-json\/wp\/v2\/pages\/6810","targetHints":{"allow":["GET"]}}],"collection":[{"href":"https:\/\/sovamm.cz\/wordpress\/wp-json\/wp\/v2\/pages"}],"about":[{"href":"https:\/\/sovamm.cz\/wordpress\/wp-json\/wp\/v2\/types\/page"}],"author":[{"embeddable":true,"href":"https:\/\/sovamm.cz\/wordpress\/wp-json\/wp\/v2\/users\/2"}],"replies":[{"embeddable":true,"href":"https:\/\/sovamm.cz\/wordpress\/wp-json\/wp\/v2\/comments?post=6810"}],"version-history":[{"count":11,"href":"https:\/\/sovamm.cz\/wordpress\/wp-json\/wp\/v2\/pages\/6810\/revisions"}],"predecessor-version":[{"id":7741,"href":"https:\/\/sovamm.cz\/wordpress\/wp-json\/wp\/v2\/pages\/6810\/revisions\/7741"}],"wp:featuredmedia":[{"embeddable":true,"href":"https:\/\/sovamm.cz\/wordpress\/wp-json\/wp\/v2\/media\/6782"}],"wp:attachment":[{"href":"https:\/\/sovamm.cz\/wordpress\/wp-json\/wp\/v2\/media?parent=6810"}],"curies":[{"name":"wp","href":"https:\/\/api.w.org\/{rel}","templated":true}]}}