{"id":6651,"date":"2025-02-08T16:13:42","date_gmt":"2025-02-08T15:13:42","guid":{"rendered":"https:\/\/sovamm.cz\/wordpress\/?page_id=6651"},"modified":"2025-03-13T10:50:17","modified_gmt":"2025-03-13T09:50:17","slug":"efler-tomas-1979","status":"publish","type":"page","link":"https:\/\/sovamm.cz\/wordpress\/publikace-2\/publikace-clenu-sovamm\/efler-tomas-1979\/","title":{"rendered":"Efler Tom\u00e1\u0161 (1979-)"},"content":{"rendered":"<p><i>Narozen 4.\u00a0prosince 1979 v\u00a0D\u011b\u010d\u00edn\u011b. Architekt, stavebn\u00ed historik, pedagog a\u00a0publicista.<\/i><br \/>\n<a href=\"https:\/\/sovamm.cz\/wordpress\/sovpis\/autori\/tomas-efler\/\">Autor SOVPIS<\/a> \u00a6\u00a0<a href=\"https:\/\/sovamm.wordpress.com\/who-is-who\/tomas-efler\/\" target=\"_blank\" rel=\"noopener noreferrer\">Who is who in SOVAMM<\/a><\/p>\n\t\t\t<div class=\"book-review-wrapper orderedby-title\" id=\"book-review-6642\">\n\t\t\t\t<h3><a href=\"https:\/\/sovamm.cz\/wordpress\/book-review\/studie-o-prubehu-opravy-podstavkoveho-domu-c-p-424-v-lipove-u-sluknova\/\">Studie o&nbsp;pr\u016fb\u011bhu opravy podst\u00e1vkov\u00e9ho domu \u010d.&nbsp;p.&nbsp;424 v&nbsp;Lipov\u00e9 u&nbsp;\u0160luknova<\/a><\/h3>\n\t\t\t\t<div class=\"book-review-sc post-6642 book-review type-book-review status-publish has-post-thumbnail hentry genre-studie book-author-efler-tomas book-author-kolka-miroslav-1976\">\n\t\t\t\t\t\t\t\t\t\t\t<a href=\"https:\/\/sovamm.cz\/wordpress\/book-review\/studie-o-prubehu-opravy-podstavkoveho-domu-c-p-424-v-lipove-u-sluknova\/\" title=\"Studie o&nbsp;pr\u016fb\u011bhu opravy podst\u00e1vkov\u00e9ho domu \u010d.&nbsp;p.&nbsp;424 v&nbsp;Lipov\u00e9 u&nbsp;\u0160luknova\" class=\"alignleft pull-left thumbnail\">\n\t\t\t\t\t\t\t<img loading=\"lazy\" decoding=\"async\" width=\"133\" height=\"194\" src=\"https:\/\/i0.wp.com\/sovamm.cz\/wordpress\/wp-content\/uploads\/2025\/02\/StudieLipova.jpg?fit=133%2C194&amp;ssl=1\" class=\"attachment-book-cover size-book-cover wp-post-image\" alt=\"\" srcset=\"https:\/\/i0.wp.com\/sovamm.cz\/wordpress\/wp-content\/uploads\/2025\/02\/StudieLipova.jpg?w=510&amp;ssl=1 510w, https:\/\/i0.wp.com\/sovamm.cz\/wordpress\/wp-content\/uploads\/2025\/02\/StudieLipova.jpg?resize=206%2C300&amp;ssl=1 206w, https:\/\/i0.wp.com\/sovamm.cz\/wordpress\/wp-content\/uploads\/2025\/02\/StudieLipova.jpg?resize=133%2C194&amp;ssl=1 133w\" sizes=\"auto, (max-width: 133px) 100vw, 133px\" data-attachment-id=\"6644\" data-permalink=\"https:\/\/sovamm.cz\/wordpress\/book-review\/studie-o-prubehu-opravy-podstavkoveho-domu-c-p-424-v-lipove-u-sluknova\/studielipova-2\/\" data-orig-file=\"https:\/\/i0.wp.com\/sovamm.cz\/wordpress\/wp-content\/uploads\/2025\/02\/StudieLipova.jpg?fit=510%2C742&amp;ssl=1\" data-orig-size=\"510,742\" data-comments-opened=\"1\" data-image-meta=\"{&quot;aperture&quot;:&quot;0&quot;,&quot;credit&quot;:&quot;&quot;,&quot;camera&quot;:&quot;&quot;,&quot;caption&quot;:&quot;&quot;,&quot;created_timestamp&quot;:&quot;0&quot;,&quot;copyright&quot;:&quot;&quot;,&quot;focal_length&quot;:&quot;0&quot;,&quot;iso&quot;:&quot;0&quot;,&quot;shutter_speed&quot;:&quot;0&quot;,&quot;title&quot;:&quot;&quot;,&quot;orientation&quot;:&quot;0&quot;}\" data-image-title=\"StudieLipova\" data-image-description=\"\" data-image-caption=\"\" data-large-file=\"https:\/\/i0.wp.com\/sovamm.cz\/wordpress\/wp-content\/uploads\/2025\/02\/StudieLipova.jpg?fit=474%2C690&amp;ssl=1\" \/>\t\t\t\t\t\t<\/a>\n\t\t\t\t\t\n\t\t\t\t\t\t\t\t\t\t\t\t<p>EFLER, Tom\u00e1\u0161 a&nbsp;KOLKA, Miroslav. Studie o&nbsp;pr\u016fb\u011bhu opravy pam\u00e1tkov\u011b chr\u00e1n\u011bn\u00e9ho podst\u00e1vkov\u00e9ho domu \u010d.&nbsp;p.&nbsp;424 v&nbsp;Lipov\u00e9 u&nbsp;\u0160luknova.: Lipov\u00e1 u&nbsp;\u0160luknova 9\/2013. Lipov\u00e1 u&nbsp;\u0160luknova: Spole\u010dnost pro trvale udr\u017eiteln\u00fd rozvoj \u0160luknovska, 2013. ISBN 978-80-260-5921-9.<\/p>\n\t\t\t\t\t\t\t\t\t\t<\/div>\n\n\t\t\t\t<div class=\"post-meta\">\n\t\t\t\t\t\t\t\t\t<\/div>\n\t\t\t\t<div class=\"post-data\">\n\t\t\t\t\t\t\t\t\t\t\t\t\t\t\t\t<span class=\"genre\"><strong>\u017d\u00e1nr:<\/strong> <a href=\"https:\/\/sovamm.cz\/wordpress\/?genre=studie\">studie<\/a><\/span><br \/>\n\t\t\t\t\t\t\t\t\t\t\t\t\t\t\t\t\t\t\t\t\t\t\t\t<\/div>\n\t\t\t<\/div>\n\t\t\t\t\t\t<div class=\"book-review-wrapper orderedby-title\" id=\"book-review-6646\">\n\t\t\t\t<h3><a href=\"https:\/\/sovamm.cz\/wordpress\/book-review\/tradicni-materialy-a-postupy-pri-obnove-tzv-podstavkovych-domu\/\">Tradi\u010dn\u00ed materi\u00e1ly a&nbsp;postupy p\u0159i&nbsp;obnov\u011b tzv.&nbsp;podst\u00e1vkov\u00fdch dom\u016f<\/a><\/h3>\n\t\t\t\t<div class=\"book-review-sc post-6646 book-review type-book-review status-publish has-post-thumbnail hentry book-author-efler-tomas book-author-kolka-miroslav-1976 book-author-konvalinkova-tereza\">\n\t\t\t\t\t\t\t\t\t\t\t<a href=\"https:\/\/sovamm.cz\/wordpress\/book-review\/tradicni-materialy-a-postupy-pri-obnove-tzv-podstavkovych-domu\/\" title=\"Tradi\u010dn\u00ed materi\u00e1ly a&nbsp;postupy p\u0159i&nbsp;obnov\u011b tzv.&nbsp;podst\u00e1vkov\u00fdch dom\u016f\" class=\"alignleft pull-left thumbnail\">\n\t\t\t\t\t\t\t<img loading=\"lazy\" decoding=\"async\" width=\"133\" height=\"189\" src=\"https:\/\/i0.wp.com\/sovamm.cz\/wordpress\/wp-content\/uploads\/2025\/02\/TradicniMaterialyPostupyPostavkDomu.jpg?fit=133%2C189&amp;ssl=1\" class=\"attachment-book-cover size-book-cover wp-post-image\" alt=\"\" srcset=\"https:\/\/i0.wp.com\/sovamm.cz\/wordpress\/wp-content\/uploads\/2025\/02\/TradicniMaterialyPostupyPostavkDomu.jpg?w=1038&amp;ssl=1 1038w, https:\/\/i0.wp.com\/sovamm.cz\/wordpress\/wp-content\/uploads\/2025\/02\/TradicniMaterialyPostupyPostavkDomu.jpg?resize=211%2C300&amp;ssl=1 211w, https:\/\/i0.wp.com\/sovamm.cz\/wordpress\/wp-content\/uploads\/2025\/02\/TradicniMaterialyPostupyPostavkDomu.jpg?resize=722%2C1024&amp;ssl=1 722w, https:\/\/i0.wp.com\/sovamm.cz\/wordpress\/wp-content\/uploads\/2025\/02\/TradicniMaterialyPostupyPostavkDomu.jpg?resize=768%2C1090&amp;ssl=1 768w, https:\/\/i0.wp.com\/sovamm.cz\/wordpress\/wp-content\/uploads\/2025\/02\/TradicniMaterialyPostupyPostavkDomu.jpg?resize=133%2C189&amp;ssl=1 133w, https:\/\/i0.wp.com\/sovamm.cz\/wordpress\/wp-content\/uploads\/2025\/02\/TradicniMaterialyPostupyPostavkDomu.jpg?w=948&amp;ssl=1 948w\" sizes=\"auto, (max-width: 133px) 100vw, 133px\" data-attachment-id=\"6649\" data-permalink=\"https:\/\/sovamm.cz\/wordpress\/book-review\/tradicni-materialy-a-postupy-pri-obnove-tzv-podstavkovych-domu\/tradicnimaterialypostupypostavkdomu\/\" data-orig-file=\"https:\/\/i0.wp.com\/sovamm.cz\/wordpress\/wp-content\/uploads\/2025\/02\/TradicniMaterialyPostupyPostavkDomu.jpg?fit=1038%2C1473&amp;ssl=1\" data-orig-size=\"1038,1473\" data-comments-opened=\"1\" data-image-meta=\"{&quot;aperture&quot;:&quot;0&quot;,&quot;credit&quot;:&quot;&quot;,&quot;camera&quot;:&quot;&quot;,&quot;caption&quot;:&quot;&quot;,&quot;created_timestamp&quot;:&quot;0&quot;,&quot;copyright&quot;:&quot;&quot;,&quot;focal_length&quot;:&quot;0&quot;,&quot;iso&quot;:&quot;0&quot;,&quot;shutter_speed&quot;:&quot;0&quot;,&quot;title&quot;:&quot;&quot;,&quot;orientation&quot;:&quot;1&quot;}\" data-image-title=\"TradicniMaterialyPostupyPostavkDomu\" data-image-description=\"\" data-image-caption=\"\" data-large-file=\"https:\/\/i0.wp.com\/sovamm.cz\/wordpress\/wp-content\/uploads\/2025\/02\/TradicniMaterialyPostupyPostavkDomu.jpg?fit=474%2C672&amp;ssl=1\" \/>\t\t\t\t\t\t<\/a>\n\t\t\t\t\t\n\t\t\t\t\t\t\t\t\t\t\t\t<p>EFLER, Tom\u00e1\u0161, KOLKA, Miroslav a&nbsp;KONVALINKOV\u00c1, Tereza (ed.). Tradi\u010dn\u00ed materi\u00e1ly a&nbsp;postupy p\u0159i&nbsp;obnov\u011b tzv.&nbsp;podst\u00e1vkov\u00fdch dom\u016f: pr\u016fvodce netradi\u010dn\u00edm pracovn\u00edm semin\u00e1\u0159em o&nbsp;tradi\u010dn\u00edm stavitelstv\u00ed na Koko\u0159\u00ednsku : Blatce \u010dp.&nbsp;40, \u017dd\u00edreck\u00fd D\u016fl \u010dp.&nbsp;3, 7.&nbsp;kv\u011btna 2011. Liberec: N\u00e1rodn\u00ed pam\u00e1tkov\u00fd \u00fastav, \u00fazemn\u00ed odborn\u00e9 pracovi\u0161t\u011b v&nbsp;Liberci, 2011. ISBN 978-80-904852-1-1.<\/p>\n\t\t\t\t\t\t\t\t\t\t<\/div>\n\n\t\t\t\t<div class=\"post-meta\">\n\t\t\t\t\t\t\t\t\t<\/div>\n\t\t\t\t<div class=\"post-data\">\n\t\t\t\t\t\t\t\t\t\t\t\t\t\t\t\t\t\t\t\t\t\t\t\t\t\t\t\t\t<\/div>\n\t\t\t<\/div>\n\t\t\t\n","protected":false},"excerpt":{"rendered":"<p>Narozen 4.\u00a0prosince 1979 v\u00a0D\u011b\u010d\u00edn\u011b. Architekt, stavebn\u00ed historik, pedagog a\u00a0publicista. Autor SOVPIS \u00a6\u00a0Who is who in SOVAMM<\/p>\n","protected":false},"author":2,"featured_media":0,"parent":5279,"menu_order":0,"comment_status":"closed","ping_status":"closed","template":"","meta":{"jetpack_post_was_ever_published":false,"footnotes":""},"class_list":["post-6651","page","type-page","status-publish","hentry","has-post-thumbnail"],"jetpack_shortlink":"https:\/\/wp.me\/P8dB8l-1Jh","jetpack_sharing_enabled":true,"_links":{"self":[{"href":"https:\/\/sovamm.cz\/wordpress\/wp-json\/wp\/v2\/pages\/6651","targetHints":{"allow":["GET"]}}],"collection":[{"href":"https:\/\/sovamm.cz\/wordpress\/wp-json\/wp\/v2\/pages"}],"about":[{"href":"https:\/\/sovamm.cz\/wordpress\/wp-json\/wp\/v2\/types\/page"}],"author":[{"embeddable":true,"href":"https:\/\/sovamm.cz\/wordpress\/wp-json\/wp\/v2\/users\/2"}],"replies":[{"embeddable":true,"href":"https:\/\/sovamm.cz\/wordpress\/wp-json\/wp\/v2\/comments?post=6651"}],"version-history":[{"count":1,"href":"https:\/\/sovamm.cz\/wordpress\/wp-json\/wp\/v2\/pages\/6651\/revisions"}],"predecessor-version":[{"id":6652,"href":"https:\/\/sovamm.cz\/wordpress\/wp-json\/wp\/v2\/pages\/6651\/revisions\/6652"}],"up":[{"embeddable":true,"href":"https:\/\/sovamm.cz\/wordpress\/wp-json\/wp\/v2\/pages\/5279"}],"wp:attachment":[{"href":"https:\/\/sovamm.cz\/wordpress\/wp-json\/wp\/v2\/media?parent=6651"}],"curies":[{"name":"wp","href":"https:\/\/api.w.org\/{rel}","templated":true}]}}