{"id":6616,"date":"2025-02-07T22:26:19","date_gmt":"2025-02-07T21:26:19","guid":{"rendered":"https:\/\/sovamm.cz\/wordpress\/?page_id=6616"},"modified":"2025-03-13T10:52:07","modified_gmt":"2025-03-13T09:52:07","slug":"urbanek-radim-1967","status":"publish","type":"page","link":"https:\/\/sovamm.cz\/wordpress\/publikace-2\/publikace-clenu-sovamm\/urbanek-radim-1967\/","title":{"rendered":"Urb\u00e1nek Radim (1967-)"},"content":{"rendered":"<p><i>Narozen 30.6.1967 v\u00a0Pardubic\u00edch. Etnolog, muzejn\u00edk.<\/i><br \/>\n<a href=\"https:\/\/sovamm.cz\/wordpress\/sovpis\/autori\/radim-urbanek\/\">Autor SOVPIS<\/a> \u00a6 <a href=\"https:\/\/sovamm.wordpress.com\/who-is-who\/radim-urbanek\/\" target=\"_blank\" rel=\"noopener noreferrer\">Who is who in SOVAMM<\/a><\/p>\n\t\t\t<div class=\"book-review-wrapper orderedby-title\" id=\"book-review-6729\">\n\t\t\t\t<h3><a href=\"https:\/\/sovamm.cz\/wordpress\/book-review\/co-roztacel-vitr\/\">Co rozt\u00e1\u010del v\u00edtr<\/a><\/h3>\n\t\t\t\t<div class=\"book-review-sc post-6729 book-review type-book-review status-publish has-post-thumbnail hentry genre-odborna-literatura-cs genre-popularne-naucna-literatura-cs book-author-doubek-jan book-author-koc-bretislav-1944 book-author-urbanek-radim\">\n\t\t\t\t\t\t\t\t\t\t\t<a href=\"https:\/\/sovamm.cz\/wordpress\/book-review\/co-roztacel-vitr\/\" title=\"Co rozt\u00e1\u010del v\u00edtr\" class=\"alignleft pull-left thumbnail\">\n\t\t\t\t\t\t\t<img loading=\"lazy\" decoding=\"async\" width=\"133\" height=\"187\" src=\"https:\/\/i0.wp.com\/sovamm.cz\/wordpress\/wp-content\/uploads\/2025\/02\/Historie-a-SoucasnostVetrMlynu.jpg?fit=133%2C187&amp;ssl=1\" class=\"attachment-book-cover size-book-cover wp-post-image\" alt=\"\" srcset=\"https:\/\/i0.wp.com\/sovamm.cz\/wordpress\/wp-content\/uploads\/2025\/02\/Historie-a-SoucasnostVetrMlynu.jpg?w=1038&amp;ssl=1 1038w, https:\/\/i0.wp.com\/sovamm.cz\/wordpress\/wp-content\/uploads\/2025\/02\/Historie-a-SoucasnostVetrMlynu.jpg?resize=213%2C300&amp;ssl=1 213w, https:\/\/i0.wp.com\/sovamm.cz\/wordpress\/wp-content\/uploads\/2025\/02\/Historie-a-SoucasnostVetrMlynu.jpg?resize=729%2C1024&amp;ssl=1 729w, https:\/\/i0.wp.com\/sovamm.cz\/wordpress\/wp-content\/uploads\/2025\/02\/Historie-a-SoucasnostVetrMlynu.jpg?resize=768%2C1079&amp;ssl=1 768w, https:\/\/i0.wp.com\/sovamm.cz\/wordpress\/wp-content\/uploads\/2025\/02\/Historie-a-SoucasnostVetrMlynu.jpg?resize=133%2C187&amp;ssl=1 133w, https:\/\/i0.wp.com\/sovamm.cz\/wordpress\/wp-content\/uploads\/2025\/02\/Historie-a-SoucasnostVetrMlynu.jpg?w=948&amp;ssl=1 948w\" sizes=\"auto, (max-width: 133px) 100vw, 133px\" data-attachment-id=\"6728\" data-permalink=\"https:\/\/sovamm.cz\/wordpress\/historie-a-soucasnostvetrmlynu\/\" data-orig-file=\"https:\/\/i0.wp.com\/sovamm.cz\/wordpress\/wp-content\/uploads\/2025\/02\/Historie-a-SoucasnostVetrMlynu.jpg?fit=1038%2C1459&amp;ssl=1\" data-orig-size=\"1038,1459\" data-comments-opened=\"1\" data-image-meta=\"{&quot;aperture&quot;:&quot;0&quot;,&quot;credit&quot;:&quot;&quot;,&quot;camera&quot;:&quot;&quot;,&quot;caption&quot;:&quot;&quot;,&quot;created_timestamp&quot;:&quot;0&quot;,&quot;copyright&quot;:&quot;&quot;,&quot;focal_length&quot;:&quot;0&quot;,&quot;iso&quot;:&quot;0&quot;,&quot;shutter_speed&quot;:&quot;0&quot;,&quot;title&quot;:&quot;&quot;,&quot;orientation&quot;:&quot;1&quot;}\" data-image-title=\"Historie-a-SoucasnostVetrMlynu\" data-image-description=\"\" data-image-caption=\"\" data-large-file=\"https:\/\/i0.wp.com\/sovamm.cz\/wordpress\/wp-content\/uploads\/2025\/02\/Historie-a-SoucasnostVetrMlynu.jpg?fit=474%2C666&amp;ssl=1\" \/>\t\t\t\t\t\t<\/a>\n\t\t\t\t\t\n\t\t\t\t\t\t\t\t\t\t\t\t<p>DOUBEK, Jan; KO\u010c, B\u0159etislav a&nbsp;URB\u00c1NEK, Radim. Co rozt\u00e1\u010del v\u00edtr: historie a&nbsp;sou\u010dasnost v\u011btrn\u00fdch ml\u00fdn\u016f, ml\u00fdnk\u016f a&nbsp;\u010derpadel. Brno: Ivo Sper\u00e1t, 2020. ISBN 978-80-87542-30-9.<\/p>\n\t\t\t\t\t\t\t\t\t\t<\/div>\n\n\t\t\t\t<div class=\"post-meta\">\n\t\t\t\t\t\t\t\t\t<\/div>\n\t\t\t\t<div class=\"post-data\">\n\t\t\t\t\t\t\t\t\t\t\t\t\t\t\t\t<span class=\"genre\"><strong>\u017d\u00e1nr:<\/strong> <a href=\"https:\/\/sovamm.cz\/wordpress\/?genre=odborna-literatura-cs\">odborn\u00e1 literatura<\/a>, <a href=\"https:\/\/sovamm.cz\/wordpress\/?genre=popularne-naucna-literatura-cs\">popul\u00e1rn\u011b nau\u010dn\u00e1 literatura<\/a><\/span><br \/>\n\t\t\t\t\t\t\t\t\t\t\t\t\t\t\t\t\t\t\t\t\t\t\t\t<\/div>\n\t\t\t<\/div>\n\t\t\t\t\t\t<div class=\"book-review-wrapper orderedby-title\" id=\"book-review-5429\">\n\t\t\t\t<h3><a href=\"https:\/\/sovamm.cz\/wordpress\/book-review\/dilo-mlynaru-a-sekerniku-v-cechach-ii\/\">D\u00edlo mlyn\u00e1\u0159\u016f a&nbsp;sekern\u00edk\u016f v&nbsp;\u010cech\u00e1ch II.<\/a><\/h3>\n\t\t\t\t<div class=\"book-review-sc post-5429 book-review type-book-review status-publish has-post-thumbnail hentry genre-odborna-literatura-cs genre-popularne-naucna-literatura-cs book-author-klimesova-hana-1979 book-author-stepan-ludek-1932-2017 book-author-urbanek-radim series-dilo-a-zivot-mlynaru-a-sekerniku-v-cechach\">\n\t\t\t\t\t\t\t\t\t\t\t<a href=\"https:\/\/sovamm.cz\/wordpress\/book-review\/dilo-mlynaru-a-sekerniku-v-cechach-ii\/\" title=\"D\u00edlo mlyn\u00e1\u0159\u016f a&nbsp;sekern\u00edk\u016f v&nbsp;\u010cech\u00e1ch II.\" class=\"alignleft pull-left thumbnail\">\n\t\t\t\t\t\t\t<img loading=\"lazy\" decoding=\"async\" width=\"133\" height=\"183\" src=\"https:\/\/i0.wp.com\/sovamm.cz\/wordpress\/wp-content\/uploads\/2023\/01\/Stepan_2008-scaled-e1674664332409.jpg?fit=133%2C183&amp;ssl=1\" class=\"attachment-book-cover size-book-cover wp-post-image\" alt=\"\" srcset=\"https:\/\/i0.wp.com\/sovamm.cz\/wordpress\/wp-content\/uploads\/2023\/01\/Stepan_2008-scaled-e1674664332409.jpg?w=1038&amp;ssl=1 1038w, https:\/\/i0.wp.com\/sovamm.cz\/wordpress\/wp-content\/uploads\/2023\/01\/Stepan_2008-scaled-e1674664332409.jpg?w=948&amp;ssl=1 948w\" sizes=\"auto, (max-width: 133px) 100vw, 133px\" data-attachment-id=\"5363\" data-permalink=\"https:\/\/sovamm.cz\/wordpress\/stepan_2008\/\" data-orig-file=\"https:\/\/i0.wp.com\/sovamm.cz\/wordpress\/wp-content\/uploads\/2023\/01\/Stepan_2008-scaled-e1674664332409.jpg?fit=1038%2C1429&amp;ssl=1\" data-orig-size=\"1038,1429\" data-comments-opened=\"1\" data-image-meta=\"{&quot;aperture&quot;:&quot;0&quot;,&quot;credit&quot;:&quot;&quot;,&quot;camera&quot;:&quot;&quot;,&quot;caption&quot;:&quot;&quot;,&quot;created_timestamp&quot;:&quot;0&quot;,&quot;copyright&quot;:&quot;&quot;,&quot;focal_length&quot;:&quot;0&quot;,&quot;iso&quot;:&quot;0&quot;,&quot;shutter_speed&quot;:&quot;0&quot;,&quot;title&quot;:&quot;&quot;,&quot;orientation&quot;:&quot;1&quot;}\" data-image-title=\"Stepan_2008\" data-image-description=\"\" data-image-caption=\"\" data-large-file=\"https:\/\/i0.wp.com\/sovamm.cz\/wordpress\/wp-content\/uploads\/2023\/01\/Stepan_2008-scaled-e1674664332409.jpg?fit=474%2C652&amp;ssl=1\" \/>\t\t\t\t\t\t<\/a>\n\t\t\t\t\t\n\t\t\t\t\t\t\t\t\t\t\t\t<p>\u0160T\u011aP\u00c1N, Lud\u011bk, Radim URB\u00c1NEK a&nbsp;Hana KLIME\u0160OV\u00c1. D\u00edlo mlyn\u00e1\u0159\u016f a&nbsp;sekern\u00edk\u016f v&nbsp;\u010cech\u00e1ch II. Praha: Argo, 2008. ISBN 978-80-257-0015-0.<\/p>\n\t\t\t\t\t\t\t\t\t\t<\/div>\n\n\t\t\t\t<div class=\"post-meta\">\n\t\t\t\t\t\t\t\t\t<\/div>\n\t\t\t\t<div class=\"post-data\">\n\t\t\t\t\t\t\t\t\t\t\t\t\t\t\t\t<span class=\"genre\"><strong>\u017d\u00e1nr:<\/strong> <a href=\"https:\/\/sovamm.cz\/wordpress\/?genre=odborna-literatura-cs\">odborn\u00e1 literatura<\/a>, <a href=\"https:\/\/sovamm.cz\/wordpress\/?genre=popularne-naucna-literatura-cs\">popul\u00e1rn\u011b nau\u010dn\u00e1 literatura<\/a><\/span><br \/>\n\t\t\t\t\t\t\t\t\t\t\t\t\t\t\t\t<span class=\"series\"><strong>S\u00e9rie:<\/strong> <a href=\"https:\/\/sovamm.cz\/wordpress\/?series=dilo-a-zivot-mlynaru-a-sekerniku-v-cechach\">D\u00edlo a \u017eivot mlyn\u00e1\u0159\u016f a sekern\u00edk\u016f v \u010cech\u00e1ch<\/a> | <\/span>\n\t\t\t\t\t\t\t\t\t\t\t\t\t\t\t\t\t\t\t<\/div>\n\t\t\t<\/div>\n\t\t\t\t\t\t<div class=\"book-review-wrapper orderedby-title\" id=\"book-review-6721\">\n\t\t\t\t<h3><a href=\"https:\/\/sovamm.cz\/wordpress\/book-review\/drevo-hlina-opuka\/\">D\u0159evo, hl\u00edna, opuka<\/a><\/h3>\n\t\t\t\t<div class=\"book-review-sc post-6721 book-review type-book-review status-publish has-post-thumbnail hentry book-author-urbanek-radim\">\n\t\t\t\t\t\t\t\t\t\t\t<a href=\"https:\/\/sovamm.cz\/wordpress\/book-review\/drevo-hlina-opuka\/\" title=\"D\u0159evo, hl\u00edna, opuka\" class=\"alignleft pull-left thumbnail\">\n\t\t\t\t\t\t\t<img loading=\"lazy\" decoding=\"async\" width=\"133\" height=\"192\" src=\"https:\/\/i0.wp.com\/sovamm.cz\/wordpress\/wp-content\/uploads\/2025\/02\/DrevoHlinaOpuka.jpg?fit=133%2C192&amp;ssl=1\" class=\"attachment-book-cover size-book-cover wp-post-image\" alt=\"\" srcset=\"https:\/\/i0.wp.com\/sovamm.cz\/wordpress\/wp-content\/uploads\/2025\/02\/DrevoHlinaOpuka.jpg?w=1038&amp;ssl=1 1038w, https:\/\/i0.wp.com\/sovamm.cz\/wordpress\/wp-content\/uploads\/2025\/02\/DrevoHlinaOpuka.jpg?resize=207%2C300&amp;ssl=1 207w, https:\/\/i0.wp.com\/sovamm.cz\/wordpress\/wp-content\/uploads\/2025\/02\/DrevoHlinaOpuka.jpg?resize=708%2C1024&amp;ssl=1 708w, https:\/\/i0.wp.com\/sovamm.cz\/wordpress\/wp-content\/uploads\/2025\/02\/DrevoHlinaOpuka.jpg?resize=768%2C1111&amp;ssl=1 768w, https:\/\/i0.wp.com\/sovamm.cz\/wordpress\/wp-content\/uploads\/2025\/02\/DrevoHlinaOpuka.jpg?resize=133%2C192&amp;ssl=1 133w, https:\/\/i0.wp.com\/sovamm.cz\/wordpress\/wp-content\/uploads\/2025\/02\/DrevoHlinaOpuka.jpg?w=948&amp;ssl=1 948w\" sizes=\"auto, (max-width: 133px) 100vw, 133px\" data-attachment-id=\"6720\" data-permalink=\"https:\/\/sovamm.cz\/wordpress\/drevohlinaopuka\/\" data-orig-file=\"https:\/\/i0.wp.com\/sovamm.cz\/wordpress\/wp-content\/uploads\/2025\/02\/DrevoHlinaOpuka.jpg?fit=1038%2C1502&amp;ssl=1\" data-orig-size=\"1038,1502\" data-comments-opened=\"1\" data-image-meta=\"{&quot;aperture&quot;:&quot;0&quot;,&quot;credit&quot;:&quot;&quot;,&quot;camera&quot;:&quot;&quot;,&quot;caption&quot;:&quot;&quot;,&quot;created_timestamp&quot;:&quot;0&quot;,&quot;copyright&quot;:&quot;&quot;,&quot;focal_length&quot;:&quot;0&quot;,&quot;iso&quot;:&quot;0&quot;,&quot;shutter_speed&quot;:&quot;0&quot;,&quot;title&quot;:&quot;&quot;,&quot;orientation&quot;:&quot;1&quot;}\" data-image-title=\"DrevoHlinaOpuka\" data-image-description=\"\" data-image-caption=\"\" data-large-file=\"https:\/\/i0.wp.com\/sovamm.cz\/wordpress\/wp-content\/uploads\/2025\/02\/DrevoHlinaOpuka.jpg?fit=474%2C686&amp;ssl=1\" \/>\t\t\t\t\t\t<\/a>\n\t\t\t\t\t\n\t\t\t\t\t\t\t\t\t\t\t\t<p>URB\u00c1NEK, Radim.\u00a0D\u0159evo, hl\u00edna, opuka: lidov\u00e9 stavitelstv\u00ed na Vysokom\u00fdtsku. Online. Ve Vysok\u00e9m M\u00fdt\u011b: Region\u00e1ln\u00ed muzeum, 2004. ISBN 80-239-4008-2.\u00a0<\/p>\n\t\t\t\t\t\t\t\t\t\t<\/div>\n\n\t\t\t\t<div class=\"post-meta\">\n\t\t\t\t\t\t\t\t\t<\/div>\n\t\t\t\t<div class=\"post-data\">\n\t\t\t\t\t\t\t\t\t\t\t\t\t\t\t\t\t\t\t\t\t\t\t\t\t\t\t\t\t<\/div>\n\t\t\t<\/div>\n\t\t\t\t\t\t<div class=\"book-review-wrapper orderedby-title\" id=\"book-review-6723\">\n\t\t\t\t<h3><a href=\"https:\/\/sovamm.cz\/wordpress\/book-review\/mlynarsky-slovnik\/\">Mlyn\u00e1\u0159sk\u00fd slovn\u00edk<\/a><\/h3>\n\t\t\t\t<div class=\"book-review-sc post-6723 book-review type-book-review status-publish has-post-thumbnail hentry genre-vykladovy-slovnik book-author-urbanek-radim\">\n\t\t\t\t\t\t\t\t\t\t\t<a href=\"https:\/\/sovamm.cz\/wordpress\/book-review\/mlynarsky-slovnik\/\" title=\"Mlyn\u00e1\u0159sk\u00fd slovn\u00edk\" class=\"alignleft pull-left thumbnail\">\n\t\t\t\t\t\t\t<img loading=\"lazy\" decoding=\"async\" width=\"133\" height=\"179\" src=\"https:\/\/i0.wp.com\/sovamm.cz\/wordpress\/wp-content\/uploads\/2025\/02\/MlynarskySlovnik.jpg?fit=133%2C179&amp;ssl=1\" class=\"attachment-book-cover size-book-cover wp-post-image\" alt=\"\" srcset=\"https:\/\/i0.wp.com\/sovamm.cz\/wordpress\/wp-content\/uploads\/2025\/02\/MlynarskySlovnik.jpg?w=1038&amp;ssl=1 1038w, https:\/\/i0.wp.com\/sovamm.cz\/wordpress\/wp-content\/uploads\/2025\/02\/MlynarskySlovnik.jpg?resize=223%2C300&amp;ssl=1 223w, https:\/\/i0.wp.com\/sovamm.cz\/wordpress\/wp-content\/uploads\/2025\/02\/MlynarskySlovnik.jpg?resize=760%2C1024&amp;ssl=1 760w, https:\/\/i0.wp.com\/sovamm.cz\/wordpress\/wp-content\/uploads\/2025\/02\/MlynarskySlovnik.jpg?resize=768%2C1034&amp;ssl=1 768w, https:\/\/i0.wp.com\/sovamm.cz\/wordpress\/wp-content\/uploads\/2025\/02\/MlynarskySlovnik.jpg?resize=133%2C179&amp;ssl=1 133w, https:\/\/i0.wp.com\/sovamm.cz\/wordpress\/wp-content\/uploads\/2025\/02\/MlynarskySlovnik.jpg?w=948&amp;ssl=1 948w\" sizes=\"auto, (max-width: 133px) 100vw, 133px\" data-attachment-id=\"6724\" data-permalink=\"https:\/\/sovamm.cz\/wordpress\/book-review\/mlynarsky-slovnik\/mlynarskyslovnik\/\" data-orig-file=\"https:\/\/i0.wp.com\/sovamm.cz\/wordpress\/wp-content\/uploads\/2025\/02\/MlynarskySlovnik.jpg?fit=1038%2C1398&amp;ssl=1\" data-orig-size=\"1038,1398\" data-comments-opened=\"1\" data-image-meta=\"{&quot;aperture&quot;:&quot;0&quot;,&quot;credit&quot;:&quot;&quot;,&quot;camera&quot;:&quot;&quot;,&quot;caption&quot;:&quot;&quot;,&quot;created_timestamp&quot;:&quot;0&quot;,&quot;copyright&quot;:&quot;&quot;,&quot;focal_length&quot;:&quot;0&quot;,&quot;iso&quot;:&quot;0&quot;,&quot;shutter_speed&quot;:&quot;0&quot;,&quot;title&quot;:&quot;&quot;,&quot;orientation&quot;:&quot;1&quot;}\" data-image-title=\"MlynarskySlovnik\" data-image-description=\"\" data-image-caption=\"\" data-large-file=\"https:\/\/i0.wp.com\/sovamm.cz\/wordpress\/wp-content\/uploads\/2025\/02\/MlynarskySlovnik.jpg?fit=474%2C639&amp;ssl=1\" \/>\t\t\t\t\t\t<\/a>\n\t\t\t\t\t\n\t\t\t\t\t\t\t\t\t\t\t\t<p>URB\u00c1NEK, Radim. Mlyn\u00e1\u0159sk\u00fd slovn\u00edk: n\u00e1zvoslov\u00ed historick\u00fdch ml\u00fdn\u016f. Praha: N\u00e1rodn\u00ed zem\u011bd\u011blsk\u00e9 muzeum, 2024. ISBN 978-80-88270-43-0.<\/p>\n\t\t\t\t\t\t\t\t\t\t<\/div>\n\n\t\t\t\t<div class=\"post-meta\">\n\t\t\t\t\t\t\t\t\t<\/div>\n\t\t\t\t<div class=\"post-data\">\n\t\t\t\t\t\t\t\t\t\t\t\t\t\t\t\t<span class=\"genre\"><strong>\u017d\u00e1nr:<\/strong> <a href=\"https:\/\/sovamm.cz\/wordpress\/?genre=vykladovy-slovnik\">v\u00fdkladov\u00fd slovn\u00edk<\/a><\/span><br \/>\n\t\t\t\t\t\t\t\t\t\t\t\t\t\t\t\t\t\t\t\t\t\t\t\t<\/div>\n\t\t\t<\/div>\n\t\t\t\t\t\t<div class=\"book-review-wrapper orderedby-title\" id=\"book-review-5433\">\n\t\t\t\t<h3><a href=\"https:\/\/sovamm.cz\/wordpress\/en\/book-review\/the-work-of-millers-and-axsmiths-in-bohemia-ii\/\">Work of millers and axsmiths in Bohemia II.<\/a><\/h3>\n\t\t\t\t<div class=\"book-review-sc post-5433 book-review type-book-review status-publish has-post-thumbnail hentry genre-popular-science genre-science-book book-author-klimesova-hana-1979 book-author-stepan-ludek-1932-2017 book-author-urbanek-radim\">\n\t\t\t\t\t\t\t\t\t\t\t<a href=\"https:\/\/sovamm.cz\/wordpress\/en\/book-review\/the-work-of-millers-and-axsmiths-in-bohemia-ii\/\" title=\"Work of millers and axsmiths in Bohemia II.\" class=\"alignleft pull-left thumbnail\">\n\t\t\t\t\t\t\t<img loading=\"lazy\" decoding=\"async\" width=\"133\" height=\"183\" src=\"https:\/\/i0.wp.com\/sovamm.cz\/wordpress\/wp-content\/uploads\/2023\/01\/Stepan_2008-scaled-e1674664332409.jpg?fit=133%2C183&amp;ssl=1\" class=\"attachment-book-cover size-book-cover wp-post-image\" alt=\"\" srcset=\"https:\/\/i0.wp.com\/sovamm.cz\/wordpress\/wp-content\/uploads\/2023\/01\/Stepan_2008-scaled-e1674664332409.jpg?w=1038&amp;ssl=1 1038w, https:\/\/i0.wp.com\/sovamm.cz\/wordpress\/wp-content\/uploads\/2023\/01\/Stepan_2008-scaled-e1674664332409.jpg?w=948&amp;ssl=1 948w\" sizes=\"auto, (max-width: 133px) 100vw, 133px\" data-attachment-id=\"5363\" data-permalink=\"https:\/\/sovamm.cz\/wordpress\/stepan_2008\/\" data-orig-file=\"https:\/\/i0.wp.com\/sovamm.cz\/wordpress\/wp-content\/uploads\/2023\/01\/Stepan_2008-scaled-e1674664332409.jpg?fit=1038%2C1429&amp;ssl=1\" data-orig-size=\"1038,1429\" data-comments-opened=\"1\" data-image-meta=\"{&quot;aperture&quot;:&quot;0&quot;,&quot;credit&quot;:&quot;&quot;,&quot;camera&quot;:&quot;&quot;,&quot;caption&quot;:&quot;&quot;,&quot;created_timestamp&quot;:&quot;0&quot;,&quot;copyright&quot;:&quot;&quot;,&quot;focal_length&quot;:&quot;0&quot;,&quot;iso&quot;:&quot;0&quot;,&quot;shutter_speed&quot;:&quot;0&quot;,&quot;title&quot;:&quot;&quot;,&quot;orientation&quot;:&quot;1&quot;}\" data-image-title=\"Stepan_2008\" data-image-description=\"\" data-image-caption=\"\" data-large-file=\"https:\/\/i0.wp.com\/sovamm.cz\/wordpress\/wp-content\/uploads\/2023\/01\/Stepan_2008-scaled-e1674664332409.jpg?fit=474%2C652&amp;ssl=1\" \/>\t\t\t\t\t\t<\/a>\n\t\t\t\t\t\n\t\t\t\t\t\t\t\t\t\t\t\t<p>\u0160T\u011aP\u00c1N, Lud\u011bk, Radim URB\u00c1NEK a&nbsp;Hana KLIME\u0160OV\u00c1.\u00a0D\u00edlo mlyn\u00e1\u0159\u016f a&nbsp;sekern\u00edk\u016f v&nbsp;\u010cech\u00e1ch II. Praha: Argo, 2008. ISBN 978-80-257-0015-0.<\/p>\n\t\t\t\t\t\t\t\t\t\t<\/div>\n\n\t\t\t\t<div class=\"post-meta\">\n\t\t\t\t\t\t\t\t\t<\/div>\n\t\t\t\t<div class=\"post-data\">\n\t\t\t\t\t\t\t\t\t\t\t\t\t\t\t\t<span class=\"genre\"><strong>\u017d\u00e1nr:<\/strong> <a href=\"https:\/\/sovamm.cz\/wordpress\/?genre=popular-science\">popular science<\/a>, <a href=\"https:\/\/sovamm.cz\/wordpress\/?genre=science-book\">science book<\/a><\/span><br \/>\n\t\t\t\t\t\t\t\t\t\t\t\t\t\t\t\t\t\t\t\t\t\t\t\t<\/div>\n\t\t\t<\/div>\n\t\t\t\n","protected":false},"excerpt":{"rendered":"<p>Narozen 30.6.1967 v\u00a0Pardubic\u00edch. Etnolog, muzejn\u00edk. Autor SOVPIS \u00a6 Who is who in SOVAMM<\/p>\n","protected":false},"author":2,"featured_media":0,"parent":5279,"menu_order":0,"comment_status":"closed","ping_status":"closed","template":"","meta":{"jetpack_post_was_ever_published":false,"footnotes":""},"class_list":["post-6616","page","type-page","status-publish","hentry","has-post-thumbnail"],"jetpack_shortlink":"https:\/\/wp.me\/P8dB8l-1II","jetpack_sharing_enabled":true,"_links":{"self":[{"href":"https:\/\/sovamm.cz\/wordpress\/wp-json\/wp\/v2\/pages\/6616","targetHints":{"allow":["GET"]}}],"collection":[{"href":"https:\/\/sovamm.cz\/wordpress\/wp-json\/wp\/v2\/pages"}],"about":[{"href":"https:\/\/sovamm.cz\/wordpress\/wp-json\/wp\/v2\/types\/page"}],"author":[{"embeddable":true,"href":"https:\/\/sovamm.cz\/wordpress\/wp-json\/wp\/v2\/users\/2"}],"replies":[{"embeddable":true,"href":"https:\/\/sovamm.cz\/wordpress\/wp-json\/wp\/v2\/comments?post=6616"}],"version-history":[{"count":1,"href":"https:\/\/sovamm.cz\/wordpress\/wp-json\/wp\/v2\/pages\/6616\/revisions"}],"predecessor-version":[{"id":6617,"href":"https:\/\/sovamm.cz\/wordpress\/wp-json\/wp\/v2\/pages\/6616\/revisions\/6617"}],"up":[{"embeddable":true,"href":"https:\/\/sovamm.cz\/wordpress\/wp-json\/wp\/v2\/pages\/5279"}],"wp:attachment":[{"href":"https:\/\/sovamm.cz\/wordpress\/wp-json\/wp\/v2\/media?parent=6616"}],"curies":[{"name":"wp","href":"https:\/\/api.w.org\/{rel}","templated":true}]}}