{"id":5614,"date":"2023-09-29T16:37:07","date_gmt":"2023-09-29T14:37:07","guid":{"rendered":"https:\/\/www.sovamm.cz\/wordpress\/?page_id=5614"},"modified":"2025-03-13T10:35:49","modified_gmt":"2025-03-13T09:35:49","slug":"pripravujeme","status":"publish","type":"page","link":"https:\/\/sovamm.cz\/wordpress\/publikace-2\/pripravujeme\/","title":{"rendered":"P\u0159ipravujeme"},"content":{"rendered":"<p>TYKAL, Roman a&nbsp;kol. <em>Bohumil Vavrou\u0161ek,\u00a0 fotograf<\/em><\/p>\n<p>TYKAL, Roman, \u0160KABRADA, JI\u0159\u00ed a&nbsp;kol. <em>Bohumil Vavrou\u0161ek, fotografie venkova<br \/>\n<\/em><em>&#8211; D\u00edl prvn\u00ed: <\/em><em style=\"font-size: 16px; font-weight: 400;\">St\u0159edn\u00ed \u010cechy<br \/>\n<\/em><em style=\"font-size: 16px; font-weight: 400;\"><em>&#8211; D\u00edl druh\u00fd: <\/em><\/em><em>Ji\u017en\u00ed a&nbsp;jihoz\u00e1padn\u00ed \u010cechy<br \/>\n<\/em><em>&#8211; D\u00edl t\u0159et\u00ed: Severov\u00fdchodn\u00ed \u010cechy<br \/>\n<\/em><em>&#8211; D\u00edl \u010dtvrt\u00fd: V\u00fdchodn\u00ed \u010cechy<br \/>\n<\/em><em>&#8211; D\u00edl p\u00e1t\u00fd: Morava a&nbsp;Slezsko<\/em><\/p>\n<p>Ve spolupr\u00e1ci s&nbsp;brn\u011bnsk\u00fdm \u00fazemn\u00edm odborn\u00fdm pracovi\u0161t\u011bm NP\u00da p\u0159ipravuje SOVAMM v\u00fdstavu d\u00edla\u00a0 fotografick\u00e9ho d\u00edla Bohumila Vavrou\u0161ka (1875\u20141939). V\u00fdstava k&nbsp;v\u00fdro\u010d\u00ed narozen\u00ed B. Vavrou\u0161ka a&nbsp;vyd\u00e1n\u00ed jeho <em>D\u011bdiny<\/em> se uskute\u010dn\u00ed v&nbsp;kv\u011btnu\u2014srpnu 2025 v&nbsp;p\u0159edn\u00e1\u0161kov\u00e9 budov\u011b v&nbsp;are\u00e1lu vily Stiassni, Hroznov\u00e1 82\/14, Brno.<\/p>\n<p>\u00davodn\u00ed d\u00edl \u0159ady publikac\u00ed v\u011bnovan\u00fd \u017eivotu a&nbsp;d\u00edlu Bohumila Vavrou\u0161ka vyjde na konci roku 2024. Cel\u00e1 \u0159ada by m\u011bla vyj\u00edt do konce roku 2029.<\/p>\n<ul>\n<li><a href=\"https:\/\/www.sovamm.cz\/wordpress\/bohumil-vavrousek\/\" target=\"_blank\" rel=\"noopener\">V\u00edce o&nbsp;\u017eivot\u011b a&nbsp;d\u00edle Bohumila Vavrou\u0161ka (1875\u20141939)<\/a><\/li>\n<\/ul>\n","protected":false},"excerpt":{"rendered":"<p>TYKAL, Roman a&nbsp;kol. Bohumil Vavrou\u0161ek,\u00a0 fotograf TYKAL, Roman, \u0160KABRADA, JI\u0159\u00ed a&nbsp;kol. Bohumil Vavrou\u0161ek, fotografie venkova &#8211; D\u00edl prvn\u00ed: St\u0159edn\u00ed \u010cechy &#8211; D\u00edl druh\u00fd: Ji\u017en\u00ed a&nbsp;jihoz\u00e1padn\u00ed \u010cechy &#8211; D\u00edl t\u0159et\u00ed: Severov\u00fdchodn\u00ed &hellip; <a href=\"https:\/\/sovamm.cz\/wordpress\/publikace-2\/pripravujeme\/\" class=\"more-link\">Pokra\u010dov\u00e1n\u00ed textu <span class=\"screen-reader-text\">P\u0159ipravujeme<\/span> <span class=\"meta-nav\">&rarr;<\/span><\/a><\/p>\n","protected":false},"author":2,"featured_media":5575,"parent":5368,"menu_order":3,"comment_status":"closed","ping_status":"closed","template":"","meta":{"jetpack_post_was_ever_published":false,"footnotes":""},"class_list":["post-5614","page","type-page","status-publish","has-post-thumbnail","hentry"],"jetpack_shortlink":"https:\/\/wp.me\/P8dB8l-1sy","jetpack_sharing_enabled":true,"_links":{"self":[{"href":"https:\/\/sovamm.cz\/wordpress\/wp-json\/wp\/v2\/pages\/5614","targetHints":{"allow":["GET"]}}],"collection":[{"href":"https:\/\/sovamm.cz\/wordpress\/wp-json\/wp\/v2\/pages"}],"about":[{"href":"https:\/\/sovamm.cz\/wordpress\/wp-json\/wp\/v2\/types\/page"}],"author":[{"embeddable":true,"href":"https:\/\/sovamm.cz\/wordpress\/wp-json\/wp\/v2\/users\/2"}],"replies":[{"embeddable":true,"href":"https:\/\/sovamm.cz\/wordpress\/wp-json\/wp\/v2\/comments?post=5614"}],"version-history":[{"count":6,"href":"https:\/\/sovamm.cz\/wordpress\/wp-json\/wp\/v2\/pages\/5614\/revisions"}],"predecessor-version":[{"id":6778,"href":"https:\/\/sovamm.cz\/wordpress\/wp-json\/wp\/v2\/pages\/5614\/revisions\/6778"}],"up":[{"embeddable":true,"href":"https:\/\/sovamm.cz\/wordpress\/wp-json\/wp\/v2\/pages\/5368"}],"wp:featuredmedia":[{"embeddable":true,"href":"https:\/\/sovamm.cz\/wordpress\/wp-json\/wp\/v2\/media\/5575"}],"wp:attachment":[{"href":"https:\/\/sovamm.cz\/wordpress\/wp-json\/wp\/v2\/media?parent=5614"}],"curies":[{"name":"wp","href":"https:\/\/api.w.org\/{rel}","templated":true}]}}

Připravujeme

<p>TYKAL, Roman a&nbsp;kol. <em>Bohumil Vavroušek,  fotograf</em></p>
<p>TYKAL, Roman, ŠKABRADA, JIří a&nbsp;kol. <em>Bohumil Vavroušek, fotografie venkova<br />
</em><em>&#8211; Díl první: </em><em style="font-size: 16px; font-weight: 400;">Střední Čechy<br />
</em><em style="font-size: 16px; font-weight: 400;"><em>&#8211; Díl druhý: </em></em><em>Jižní a&nbsp;jihozápadní Čechy<br />
</em><em>&#8211; Díl třetí: Severovýchodní Čechy<br />
</em><em>&#8211; Díl čtvrtý: Východní Čechy<br />
</em><em>&#8211; Díl pátý: Morava a&nbsp;Slezsko</em></p>
<p>Ve spolupráci s&nbsp;brněnským územním odborným pracovištěm NPÚ připravuje SOVAMM výstavu díla  fotografického díla Bohumila Vavrouška (1875—1939). Výstava k&nbsp;výročí narození B. Vavrouška a&nbsp;vydání jeho <em>Dědiny</em> se uskuteční v&nbsp;květnu—srpnu 2025 v&nbsp;přednáškové budově v&nbsp;areálu vily Stiassni, Hroznová 82/14, Brno.</p>
<p>Úvodní díl řady publikací věnovaný životu a&nbsp;dílu Bohumila Vavrouška vyjde na konci roku 2024. Celá řada by měla vyjít do konce roku 2029.</p>
<ul>
<li><a href="https://www.sovamm.cz/wordpress/bohumil-vavrousek/" target="_blank" rel="noopener">Více o&nbsp;životě a&nbsp;díle Bohumila Vavrouška (1875—1939)</a></li>
</ul>

<p>TYKAL, Roman a&nbsp;kol. Bohumil Vavroušek,  fotograf TYKAL, Roman, ŠKABRADA, JIří a&nbsp;kol. Bohumil Vavroušek, fotografie venkova &#8211; Díl první: Střední Čechy &#8211; Díl druhý: Jižní a&nbsp;jihozápadní Čechy &#8211; Díl třetí: Severovýchodní &hellip; <a href="https://sovamm.cz/wordpress/publikace-2/pripravujeme/" class="more-link">Pokračování textu <span class="screen-reader-text">Připravujeme</span> <span class="meta-nav">&rarr;</span></a></p>
