{"id":5368,"date":"2023-01-25T19:14:05","date_gmt":"2023-01-25T18:14:05","guid":{"rendered":"https:\/\/www.sovamm.cz\/wordpress\/?page_id=5368"},"modified":"2025-03-13T11:47:27","modified_gmt":"2025-03-13T10:47:27","slug":"publikace-2","status":"publish","type":"page","link":"https:\/\/sovamm.cz\/wordpress\/publikace-2\/","title":{"rendered":"Publikace"},"content":{"rendered":"<p>V t\u00e9to sekci prezentujeme odborn\u00e9 a&nbsp;popul\u00e1rn\u011b nau\u010dn\u00e9 publikace, kter\u00e9 jsme vydali, spolu s&nbsp;t\u011bmi jejich\u017e autory a&nbsp;spoluautory jsou na\u0161i \u010dlenov\u00e9.<\/p>\n<ul>\n<li><a href=\"https:\/\/www.sovamm.cz\/wordpress\/publikovano-se-sovpis\/\">Vydali jsme \u2192<\/a><\/li>\n<li><a href=\"https:\/\/www.sovamm.cz\/wordpress\/publikace-clenu-sovamm\/\">Publikace \u010dlen\u016f SOVAMM \u2192<\/a><\/li>\n<li><a href=\"https:\/\/www.sovamm.cz\/wordpress\/pripravujeme\/\">P\u0159ipravujeme \u2192<\/a><\/li>\n<\/ul>\n","protected":false},"excerpt":{"rendered":"<p>V t\u00e9to sekci prezentujeme odborn\u00e9 a&nbsp;popul\u00e1rn\u011b nau\u010dn\u00e9 publikace, kter\u00e9 jsme vydali, spolu s&nbsp;t\u011bmi jejich\u017e autory a&nbsp;spoluautory jsou na\u0161i \u010dlenov\u00e9. Vydali jsme \u2192 Publikace \u010dlen\u016f SOVAMM \u2192 P\u0159ipravujeme \u2192<\/p>\n","protected":false},"author":2,"featured_media":5367,"parent":0,"menu_order":3,"comment_status":"closed","ping_status":"closed","template":"","meta":{"jetpack_post_was_ever_published":false,"footnotes":""},"class_list":["post-5368","page","type-page","status-publish","has-post-thumbnail","hentry"],"jetpack_shortlink":"https:\/\/wp.me\/P8dB8l-1oA","jetpack_sharing_enabled":true,"_links":{"self":[{"href":"https:\/\/sovamm.cz\/wordpress\/wp-json\/wp\/v2\/pages\/5368","targetHints":{"allow":["GET"]}}],"collection":[{"href":"https:\/\/sovamm.cz\/wordpress\/wp-json\/wp\/v2\/pages"}],"about":[{"href":"https:\/\/sovamm.cz\/wordpress\/wp-json\/wp\/v2\/types\/page"}],"author":[{"embeddable":true,"href":"https:\/\/sovamm.cz\/wordpress\/wp-json\/wp\/v2\/users\/2"}],"replies":[{"embeddable":true,"href":"https:\/\/sovamm.cz\/wordpress\/wp-json\/wp\/v2\/comments?post=5368"}],"version-history":[{"count":4,"href":"https:\/\/sovamm.cz\/wordpress\/wp-json\/wp\/v2\/pages\/5368\/revisions"}],"predecessor-version":[{"id":6790,"href":"https:\/\/sovamm.cz\/wordpress\/wp-json\/wp\/v2\/pages\/5368\/revisions\/6790"}],"wp:featuredmedia":[{"embeddable":true,"href":"https:\/\/sovamm.cz\/wordpress\/wp-json\/wp\/v2\/media\/5367"}],"wp:attachment":[{"href":"https:\/\/sovamm.cz\/wordpress\/wp-json\/wp\/v2\/media?parent=5368"}],"curies":[{"name":"wp","href":"https:\/\/api.w.org\/{rel}","templated":true}]}}