{"id":5318,"date":"2023-01-23T09:48:22","date_gmt":"2023-01-23T08:48:22","guid":{"rendered":"https:\/\/www.sovamm.cz\/wordpress\/?page_id=5318"},"modified":"2025-01-10T00:23:37","modified_gmt":"2025-01-09T23:23:37","slug":"the-oldest-rural-houses-in-east-bohemia","status":"publish","type":"page","link":"https:\/\/sovamm.cz\/wordpress\/en\/publications\/we-publissed\/the-oldest-rural-houses-in-east-bohemia\/","title":{"rendered":"The oldest rural houses in East Bohemia"},"content":{"rendered":"<p><a href=\"https:\/\/www.sovamm.cz\/wordpress\/autori\/jiri-skabrada\/\">\u0160KABRADA, Ji\u0159\u00ed<\/a>, <a href=\"https:\/\/www.sovamm.cz\/wordpress\/autori\/zuzana-syrova-anyzova\/\">Zuzana SYROV\u00c1-AN\u00dd\u017dOV\u00c1<\/a> et al. <em>Nejstar\u0161\u00ed venkovsk\u00e9 domy ve v\u00fdchodn\u00edch \u010cech\u00e1ch<\/em>.1st ed.. Pardubice: Univerzita Pardubice, Fakulta filozofick\u00e1; Brno: Spole\u010dnost pro obnovu vesnice a&nbsp;mal\u00e9ho m\u011bsta, z. s., 2018.&nbsp;512 stran. ISBN 978-80-7560-126-1 (Univerzita Pardubice), 978-80-907440-0-4 (Spole\u010dnost pro obnovu vesnice a&nbsp;mal\u00e9ho m\u011bsta, z. s.).<!--more--><\/p>\n<a href=\"https:\/\/sovamm.cz\/wordpress\/wp-content\/uploads\/2023\/01\/NVD_201812_summary.pdf\" class=\"pdfemb-viewer\" style=\"\" data-width=\"max\" data-height=\"max\" data-toolbar=\"bottom\" data-toolbar-fixed=\"off\">NVD_201812_summary<\/a>\n<ul>\n<li><a href=\"https:\/\/www.sovamm.cz\/wordpress\/wp-content\/uploads\/2023\/01\/NVD_201812_summary.pdf\" target=\"_blank\" rel=\"noopener\">Summary \u00a6 Zusammenfassung<\/a><\/li>\n<\/ul>\n<a href=\"https:\/\/sovamm.cz\/wordpress\/wp-content\/uploads\/2019\/01\/NVD_2018_present_W2r.pdf\" class=\"pdfemb-viewer\" style=\"\" data-width=\"max\" data-height=\"max\" data-toolbar=\"bottom\" data-toolbar-fixed=\"off\">NVD_2018_present_W2r<\/a>\n<ul>\n<li><a href=\"https:\/\/www.sovamm.cz\/wordpress\/wp-content\/uploads\/2019\/01\/NVD_201812_vyber_W1rz.pdf#pagemode=bookmarks&amp;page=1\" target=\"_blank\" rel=\"noopener noreferrer\">Book extract (PDF)<\/a><\/li>\n<\/ul>\n<p>&nbsp;<\/p>\n<ul>\n<li><a href=\"https:\/\/www.sovamm.cz\/wordpress\/en\/we-publissed\/\">We Published \u2192<\/a><\/li>\n<\/ul>\n","protected":false},"excerpt":{"rendered":"<p>\u0160KABRADA, Ji\u0159\u00ed, Zuzana SYROV\u00c1-AN\u00dd\u017dOV\u00c1 et al. Nejstar\u0161\u00ed venkovsk\u00e9 domy ve v\u00fdchodn\u00edch \u010cech\u00e1ch.1st ed.. Pardubice: Univerzita Pardubice, Fakulta filozofick\u00e1; Brno: Spole\u010dnost pro obnovu vesnice a&nbsp;mal\u00e9ho m\u011bsta, z. s., 2018.&nbsp;512 stran. ISBN &hellip; <a href=\"https:\/\/sovamm.cz\/wordpress\/en\/publications\/we-publissed\/the-oldest-rural-houses-in-east-bohemia\/\" class=\"more-link\">Pokra\u010dov\u00e1n\u00ed textu <span class=\"screen-reader-text\">The oldest rural houses in East Bohemia<\/span> <span class=\"meta-nav\">&rarr;<\/span><\/a><\/p>\n","protected":false},"author":2,"featured_media":1863,"parent":5309,"menu_order":0,"comment_status":"closed","ping_status":"closed","template":"","meta":{"jetpack_post_was_ever_published":false,"footnotes":""},"class_list":["post-5318","page","type-page","status-publish","has-post-thumbnail","hentry"],"jetpack_shortlink":"https:\/\/wp.me\/P8dB8l-1nM","jetpack_sharing_enabled":true,"_links":{"self":[{"href":"https:\/\/sovamm.cz\/wordpress\/wp-json\/wp\/v2\/pages\/5318","targetHints":{"allow":["GET"]}}],"collection":[{"href":"https:\/\/sovamm.cz\/wordpress\/wp-json\/wp\/v2\/pages"}],"about":[{"href":"https:\/\/sovamm.cz\/wordpress\/wp-json\/wp\/v2\/types\/page"}],"author":[{"embeddable":true,"href":"https:\/\/sovamm.cz\/wordpress\/wp-json\/wp\/v2\/users\/2"}],"replies":[{"embeddable":true,"href":"https:\/\/sovamm.cz\/wordpress\/wp-json\/wp\/v2\/comments?post=5318"}],"version-history":[{"count":6,"href":"https:\/\/sovamm.cz\/wordpress\/wp-json\/wp\/v2\/pages\/5318\/revisions"}],"predecessor-version":[{"id":6377,"href":"https:\/\/sovamm.cz\/wordpress\/wp-json\/wp\/v2\/pages\/5318\/revisions\/6377"}],"up":[{"embeddable":true,"href":"https:\/\/sovamm.cz\/wordpress\/wp-json\/wp\/v2\/pages\/5309"}],"wp:featuredmedia":[{"embeddable":true,"href":"https:\/\/sovamm.cz\/wordpress\/wp-json\/wp\/v2\/media\/1863"}],"wp:attachment":[{"href":"https:\/\/sovamm.cz\/wordpress\/wp-json\/wp\/v2\/media?parent=5318"}],"curies":[{"name":"wp","href":"https:\/\/api.w.org\/{rel}","templated":true}]}}