{"id":45,"date":"2016-09-27T19:40:01","date_gmt":"2016-09-27T17:40:01","guid":{"rendered":"http:\/\/sovamm.synology.me\/wordpress\/?page_id=45"},"modified":"2025-03-13T12:04:15","modified_gmt":"2025-03-13T11:04:15","slug":"kontakt","status":"publish","type":"page","link":"https:\/\/sovamm.cz\/wordpress\/kontakt\/","title":{"rendered":"Kontakt"},"content":{"rendered":"<h2 id=\"sovamm\">SOVAMM<\/h2>\n<p>Spole\u010dnost pro obnovu vesnice a&nbsp;mal\u00e9ho m\u011bsta, z. s.<br \/>\n<em><a href=\"https:\/\/sovamm.wordpress.com\/\" target=\"_blank\" rel=\"noopener noreferrer\">https:\/\/sovamm.wordpress.com\/<\/a><\/em><\/p>\n<p>I\u010cO: 62160516 \/\/ DI\u010c: CZ62160516<br \/>\ndatov\u00e1 schr\u00e1nka (IDDS): g7s57gr<br \/>\n\u010d\u00edslo \u00fa\u010dtu: <a href=\"https:\/\/www.rb.cz\/povinne-zverejnovane-informace\/transparentni-ucty?mvcPath=transactions&amp;accountNumber=1485023001&amp;path=transactions\" target=\"_blank\" rel=\"noopener noreferrer\">1485023001\/5500<\/a><\/p>\n<p><i>sekret\u00e1\u0159:\u00a0<\/i><br \/>\n<i>Zuzana Syrov\u00e1, Kur\u0161ova 30, 635&nbsp;00 Brno-Bystrc,\u00a0<\/i><br \/>\n<i>tel.: (+420) 736&nbsp;657&nbsp;048<\/i><br \/>\n<i>e-po\u0161ta: syrova@sovamm.cz <\/i><\/p>\n","protected":false},"excerpt":{"rendered":"<p>SOVAMM Spole\u010dnost pro obnovu vesnice a&nbsp;mal\u00e9ho m\u011bsta, z. s. https:\/\/sovamm.wordpress.com\/ I\u010cO: 62160516 \/\/ DI\u010c: CZ62160516 datov\u00e1 schr\u00e1nka (IDDS): g7s57gr \u010d\u00edslo \u00fa\u010dtu: 1485023001\/5500 sekret\u00e1\u0159:\u00a0 Zuzana Syrov\u00e1, Kur\u0161ova 30, 635&nbsp;00 Brno-Bystrc,\u00a0 tel.: &hellip; <a href=\"https:\/\/sovamm.cz\/wordpress\/kontakt\/\" class=\"more-link\">Pokra\u010dov\u00e1n\u00ed textu <span class=\"screen-reader-text\">Kontakt<\/span> <span class=\"meta-nav\">&rarr;<\/span><\/a><\/p>\n","protected":false},"author":1,"featured_media":0,"parent":0,"menu_order":30,"comment_status":"closed","ping_status":"closed","template":"","meta":{"jetpack_post_was_ever_published":false,"footnotes":""},"class_list":["post-45","page","type-page","status-publish","hentry"],"jetpack_shortlink":"https:\/\/wp.me\/P8dB8l-J","jetpack_sharing_enabled":false,"_links":{"self":[{"href":"https:\/\/sovamm.cz\/wordpress\/wp-json\/wp\/v2\/pages\/45","targetHints":{"allow":["GET"]}}],"collection":[{"href":"https:\/\/sovamm.cz\/wordpress\/wp-json\/wp\/v2\/pages"}],"about":[{"href":"https:\/\/sovamm.cz\/wordpress\/wp-json\/wp\/v2\/types\/page"}],"author":[{"embeddable":true,"href":"https:\/\/sovamm.cz\/wordpress\/wp-json\/wp\/v2\/users\/1"}],"replies":[{"embeddable":true,"href":"https:\/\/sovamm.cz\/wordpress\/wp-json\/wp\/v2\/comments?post=45"}],"version-history":[{"count":4,"href":"https:\/\/sovamm.cz\/wordpress\/wp-json\/wp\/v2\/pages\/45\/revisions"}],"predecessor-version":[{"id":6324,"href":"https:\/\/sovamm.cz\/wordpress\/wp-json\/wp\/v2\/pages\/45\/revisions\/6324"}],"wp:attachment":[{"href":"https:\/\/sovamm.cz\/wordpress\/wp-json\/wp\/v2\/media?parent=45"}],"curies":[{"name":"wp","href":"https:\/\/api.w.org\/{rel}","templated":true}]}}