{"id":436,"date":"2016-10-16T17:54:06","date_gmt":"2016-10-16T15:54:06","guid":{"rendered":"http:\/\/sovamm.cz\/wordpress\/?page_id=436"},"modified":"2025-01-05T17:29:28","modified_gmt":"2025-01-05T16:29:28","slug":"iispp","status":"publish","type":"page","link":"https:\/\/sovamm.cz\/wordpress\/navody\/iispp\/","title":{"rendered":"IISPP"},"content":{"rendered":"<p>Z\u00e1kladn\u00ed u\u017eivatelskou dokumentaci k&nbsp;jednotliv\u00fdm \u010d\u00e1stem IISPP najdete na port\u00e1lu IISPP v&nbsp;sekci <a href=\"https:\/\/iispp.npu.cz\/manualy-a-prirucky\" target=\"_blank\" rel=\"noopener noreferrer\">Manu\u00e1ly a&nbsp;p\u0159\u00edru\u010dky<\/a>.<\/p>\n<p>Spolupracovn\u00edci a&nbsp;p\u0159isp\u011bvatel\u00e9 SOVPIS by se m\u011bli sezn\u00e1mit p\u0159edev\u0161\u00edm s&nbsp;t\u011bmito u\u017eivatelsk\u00fdmi p\u0159\u00edru\u010dkami a&nbsp;manu\u00e1ly:<\/p>\n<ul>\n<li><a href=\"https:\/\/iispp.npu.cz\/documents\/10184\/11877\/uzivatelska_prirucka_MIS_ver_v1_7_0-A.pdf\/a07d129d-94df-443c-b60a-3fd765a4b2d1\" target=\"_blank\" rel=\"noopener noreferrer\">MIS &#8211; u\u017eivatelsk\u00e1 p\u0159\u00edru\u010dka k&nbsp;ve\u0159ejn\u00e9 \u010d\u00e1sti<\/a><\/li>\n<li><a href=\"https:\/\/iispp.npu.cz\/documents\/10184\/11877\/MIS_1_7_0_neve%C5%99ejn%C3%A1\/d5b4c6a3-380c-4f56-9f95-9064b5090cb5\" target=\"_blank\" rel=\"noopener noreferrer\">MIS &#8211; u\u017eivatelsk\u00e1 p\u0159\u00edru\u010dka k&nbsp;neve\u0159ejn\u00e9 \u010d\u00e1sti<\/a><\/li>\n<li><a href=\"https:\/\/geoportal.npu.cz\/web\/content\/doc\/uzivatelska_dokumentace_v_2_2.pdf?v=3\" target=\"_blank\" rel=\"noopener noreferrer\">Geoport\u00e1l pam\u00e1tkov\u00e9 p\u00e9\u010de<\/a><\/li>\n<li><a href=\"https:\/\/docs.google.com\/spreadsheets\/d\/e\/2PACX-1vTopJIqa0BcqaExX6ZPoNasgKm34XkTXt2a5ZV4v8oc1QipqoZCD0C8JbwtIRn7za9dGDRP7rB0nV5w\/pubhtml\" target=\"_blank\" rel=\"noopener noreferrer\">\u00dazemn\u00ed rozsah v&nbsp;IISPP<\/a><\/li>\n<\/ul>\n<p>Aktu\u00e1ln\u00ed informace p\u0159edev\u0161\u00edm ke GIS \u010d\u00e1sti IISPP najdete rovn\u011b\u017e na <a href=\"https:\/\/pagis.npu.cz\/\" target=\"_blank\" rel=\"home noopener noreferrer\">Pro(Pa)GIS<\/a> (Bloku editor\u016f a&nbsp;p\u0159\u00edznivc\u016f (Pa)GIS, (Pa)MIS, (Pa)Katalogu a&nbsp;IISPP v\u016fbec\u2026).<\/p>\n<p>Z\u00e1kladn\u00ed body specifick\u00e9 pro vkl\u00e1d\u00e1n\u00ed dokument\u016f SOVPIS na \u00falo\u017ei\u0161t\u011b SOVAMM v&nbsp;MIS najdete v&nbsp;\u010dl\u00e1nku:<\/p>\n<ul>\n<li><a href=\"https:\/\/www.sovamm.cz\/wordpress\/navody\/iispp\/dokumenty-sovpis-v-mis\/\">Dokumenty SOVPIS v&nbsp;MIS<\/a><\/li>\n<\/ul>\n<p>K archivaci dokument\u016f v&nbsp;MIS lok\u00e1ln\u00edm spr\u00e1vcem:<\/p>\n<ul>\n<li><a href=\"https:\/\/sovamm.cz\/wordpress\/navody\/iispp\/archivace-dokumentu-v-mis\/\">Archivace dokument\u016f v&nbsp;MIS<\/a><\/li>\n<\/ul>\n<p>K p\u0159ihla\u0161ov\u00e1n\u00ed do IISPP pro \u0159e\u0161itele SOVPIS:<\/p>\n<ul>\n<li><a href=\"https:\/\/www.sovamm.cz\/wordpress\/navody\/iispp\/registrace-a-prihlaseni-do-iispp\/\">Registrace a&nbsp;p\u0159ihl\u00e1\u0161en\u00ed do IISPP<\/a><\/li>\n<\/ul>\n<hr \/>\n<ul>\n<li><a href=\"https:\/\/sovamm.cz\/wordpress\/navody\/\">Hlavn\u00ed str\u00e1nka n\u00e1vod\u016f \u2192<\/a><\/li>\n<\/ul>\n<p>Aktualizov\u00e1no: <span class=\"last-modified-timestamp\">05\/01\/2025 17:29<\/span><\/p>\n","protected":false},"excerpt":{"rendered":"<p>Z\u00e1kladn\u00ed u\u017eivatelskou dokumentaci k&nbsp;jednotliv\u00fdm \u010d\u00e1stem IISPP najdete na port\u00e1lu IISPP v&nbsp;sekci Manu\u00e1ly a&nbsp;p\u0159\u00edru\u010dky. Spolupracovn\u00edci a&nbsp;p\u0159isp\u011bvatel\u00e9 SOVPIS by se m\u011bli sezn\u00e1mit p\u0159edev\u0161\u00edm s&nbsp;t\u011bmito u\u017eivatelsk\u00fdmi p\u0159\u00edru\u010dkami a&nbsp;manu\u00e1ly: MIS &#8211; u\u017eivatelsk\u00e1 p\u0159\u00edru\u010dka k&nbsp;ve\u0159ejn\u00e9 &hellip; <a href=\"https:\/\/sovamm.cz\/wordpress\/navody\/iispp\/\" class=\"more-link\">Pokra\u010dov\u00e1n\u00ed textu <span class=\"screen-reader-text\">IISPP<\/span> <span class=\"meta-nav\">&rarr;<\/span><\/a><\/p>\n","protected":false},"author":1,"featured_media":0,"parent":250,"menu_order":3,"comment_status":"closed","ping_status":"closed","template":"","meta":{"jetpack_post_was_ever_published":false,"footnotes":""},"class_list":["post-436","page","type-page","status-publish","hentry"],"jetpack_shortlink":"https:\/\/wp.me\/P8dB8l-72","jetpack_sharing_enabled":true,"_links":{"self":[{"href":"https:\/\/sovamm.cz\/wordpress\/wp-json\/wp\/v2\/pages\/436","targetHints":{"allow":["GET"]}}],"collection":[{"href":"https:\/\/sovamm.cz\/wordpress\/wp-json\/wp\/v2\/pages"}],"about":[{"href":"https:\/\/sovamm.cz\/wordpress\/wp-json\/wp\/v2\/types\/page"}],"author":[{"embeddable":true,"href":"https:\/\/sovamm.cz\/wordpress\/wp-json\/wp\/v2\/users\/1"}],"replies":[{"embeddable":true,"href":"https:\/\/sovamm.cz\/wordpress\/wp-json\/wp\/v2\/comments?post=436"}],"version-history":[{"count":5,"href":"https:\/\/sovamm.cz\/wordpress\/wp-json\/wp\/v2\/pages\/436\/revisions"}],"predecessor-version":[{"id":6295,"href":"https:\/\/sovamm.cz\/wordpress\/wp-json\/wp\/v2\/pages\/436\/revisions\/6295"}],"up":[{"embeddable":true,"href":"https:\/\/sovamm.cz\/wordpress\/wp-json\/wp\/v2\/pages\/250"}],"wp:attachment":[{"href":"https:\/\/sovamm.cz\/wordpress\/wp-json\/wp\/v2\/media?parent=436"}],"curies":[{"name":"wp","href":"https:\/\/api.w.org\/{rel}","templated":true}]}}