{"id":3683,"date":"2021-12-18T08:07:53","date_gmt":"2021-12-18T07:07:53","guid":{"rendered":"https:\/\/www.sovamm.cz\/wordpress\/?page_id=3683"},"modified":"2025-03-13T08:27:18","modified_gmt":"2025-03-13T07:27:18","slug":"jaroslav-vajdis","status":"publish","type":"page","link":"https:\/\/sovamm.cz\/wordpress\/vystavy\/vystava-macel-vajdis\/macel-vajdis\/jaroslav-vajdis\/","title":{"rendered":"Jaroslav Vajdi\u0161"},"content":{"rendered":"<p><em>(27.\u200a2.\u200a1920 P\u0159\u00edlepy \u2013 16.\u200a9.\u200a2006 Praha)<\/em><\/p>\n<p>Narodil se v&nbsp;P\u0159\u00edlep\u00edch u&nbsp;Hole\u0161ova. Vyr\u016fstal v&nbsp;Hodon\u00edn\u011b, kam se rodina odst\u011bhovala v\u00a0roce 1921. Zde vystudoval re\u00e1lku. Po&nbsp;maturit\u011b a&nbsp;uzav\u0159en\u00ed vysok\u00fdch \u0161kol v&nbsp;roce 1939 pro\u0161el r\u016fzn\u00fdmi zam\u011bstn\u00e1n\u00edmi, mezi nimi i&nbsp;p\u016fl roku na arcibiskupsk\u00e9 pile v\u00a0Ostravici. Od roku 1941 pracoval jako technik u&nbsp;meliora\u010dn\u00ed firmy v&nbsp;Poho\u0159elic\u00edch. Po&nbsp;v\u00e1lce absolvoval osm semestr\u016f na fakult\u011b architektury Vysok\u00e9 \u0161koly technick\u00e9 dr.\u00a0E.\u00a0Bene\u0161e v&nbsp;Brn\u011b, kde sice v\u00a0\u010dervnu 1947 \u00fasp\u011b\u0161n\u011b slo\u017eil prvn\u00ed st\u00e1tn\u00ed zkou\u0161ky, av\u0161ak jeho studium ukon\u010dily prov\u011brky v&nbsp;roce 1949.<\/p>\n<p><a href=\"https:\/\/i0.wp.com\/www.sovamm.cz\/wordpress\/wp-content\/uploads\/2021\/12\/IMG_20211204_0036_upr.jpg?ssl=1\" target=\"_blank\" rel=\"noopener\"><img data-recalc-dims=\"1\" loading=\"lazy\" decoding=\"async\" data-attachment-id=\"3723\" data-permalink=\"https:\/\/sovamm.cz\/wordpress\/vystavy\/vystava-macel-vajdis\/macel-vajdis\/jaroslav-vajdis\/img_20211204_0036_upr\/\" data-orig-file=\"https:\/\/i0.wp.com\/sovamm.cz\/wordpress\/wp-content\/uploads\/2021\/12\/IMG_20211204_0036_upr.jpg?fit=716%2C1012&amp;ssl=1\" data-orig-size=\"716,1012\" data-comments-opened=\"1\" data-image-meta=\"{&quot;aperture&quot;:&quot;0&quot;,&quot;credit&quot;:&quot;&quot;,&quot;camera&quot;:&quot;&quot;,&quot;caption&quot;:&quot;&quot;,&quot;created_timestamp&quot;:&quot;0&quot;,&quot;copyright&quot;:&quot;&quot;,&quot;focal_length&quot;:&quot;0&quot;,&quot;iso&quot;:&quot;0&quot;,&quot;shutter_speed&quot;:&quot;0&quot;,&quot;title&quot;:&quot;&quot;,&quot;orientation&quot;:&quot;1&quot;}\" data-image-title=\"IMG_20211204_0036_upr\" data-image-description=\"\" data-image-caption=\"\" data-large-file=\"https:\/\/i0.wp.com\/sovamm.cz\/wordpress\/wp-content\/uploads\/2021\/12\/IMG_20211204_0036_upr.jpg?fit=474%2C670&amp;ssl=1\" class=\"aligncenter wp-image-3723 size-medium\" src=\"https:\/\/i0.wp.com\/www.sovamm.cz\/wordpress\/wp-content\/uploads\/2021\/12\/IMG_20211204_0036_upr-212x300.jpg?resize=212%2C300&#038;ssl=1\" alt=\"\" width=\"212\" height=\"300\" srcset=\"https:\/\/i0.wp.com\/sovamm.cz\/wordpress\/wp-content\/uploads\/2021\/12\/IMG_20211204_0036_upr.jpg?resize=212%2C300&amp;ssl=1 212w, https:\/\/i0.wp.com\/sovamm.cz\/wordpress\/wp-content\/uploads\/2021\/12\/IMG_20211204_0036_upr.jpg?resize=133%2C188&amp;ssl=1 133w, https:\/\/i0.wp.com\/sovamm.cz\/wordpress\/wp-content\/uploads\/2021\/12\/IMG_20211204_0036_upr.jpg?w=716&amp;ssl=1 716w\" sizes=\"auto, (max-width: 212px) 100vw, 212px\" \/><\/a><\/p>\n<p style=\"text-align: center;\"><em>Jaroslav Vajdi\u0161 na fotografii z&nbsp;indexu z&nbsp;roku 1948.<\/em><\/p>\n<p>N\u00e1sledovalo zam\u011bstn\u00e1n\u00ed v&nbsp;\u00dastavu architektury a\u00a0\u00fazemn\u00edho pl\u00e1nov\u00e1n\u00ed (\u00daA\u00daP), p\u0159ipojen\u00e9ho v&nbsp;r. 1954 do V\u00fdzkumn\u00e9ho \u00fastavu v\u00fdstavby a&nbsp;architektury (V\u00daVA). V&nbsp;roce 1957 p\u0159e\u0161el do St\u00e1tn\u00edho \u00fastavu pro rekonstrukci pam\u00e1tkov\u00fdch m\u011bst a&nbsp;objekt\u016f\u00a0(S\u00daRPMO), kde za\u010dal pracovat na pr\u016fzkumech a&nbsp;dokumentaci pam\u00e1tkov\u00e9ho j\u00e1dra Prahy. Z&nbsp;akc\u00ed, na nich\u017e se v&nbsp;tomto obdob\u00ed pod\u00edlel, si cenil zam\u011b\u0159en\u00ed kl\u00e1\u0161tera v&nbsp;P\u0159edkl\u00e1\u0161te\u0159\u00ed u&nbsp;Ti\u0161nova. Postupn\u011b se mu poda\u0159ilo z\u00edskat vlastn\u00ed skupinu pro v\u00fdzkum a&nbsp;dokumentaci lidov\u00e9 architektury, obor, kter\u00fd za\u010dal sledovat na fakult\u011b architektury a&nbsp;jemu\u017e se pak v\u011bnoval i&nbsp;v&nbsp;\u00daA\u00daP a&nbsp;V\u00daVA. V&nbsp;atelieru lidov\u00e9 architektury, kter\u00fd pak vedl a\u017e do sv\u00e9ho odchodu do d\u016fchodu, vzniklo mno\u017estv\u00ed dokumentace a&nbsp;pr\u016fzkum\u016f od inventariza\u010dn\u00edch po&nbsp;stavebn\u011bhistorick\u00e9. Vytvo\u0159il stovky lapid\u00e1rn\u011b jednoduch\u00fdch zam\u011b\u0159en\u00ed v&nbsp;m\u011b\u0159\u00edtku 1:100 a&nbsp;des\u00edtky propracovan\u00fdch zam\u011b\u0159en\u00ed, jejich\u017e charakteristick\u00fd rukopis je i&nbsp;v\u00fdtvarn\u011b pozoruhodn\u00fd a&nbsp;nezam\u011bniteln\u00fd.<br \/>\nS&nbsp;oblast\u00ed dokumentace a&nbsp;stavebn\u011b historick\u00fdch pr\u016fzkum\u016f lidov\u00e9 architektury je spjata cel\u00e1 jeho odborn\u00e1 dr\u00e1ha. Publika\u010dn\u011b z\u00faro\u010dil p\u0159edev\u0161\u00edm svou badatelskou \u010dinnost na Slov\u00e1cku, v&nbsp;Pomorav\u00ed a&nbsp;Podyj\u00ed, na Vala\u0161sku, \u0160umpersku a&nbsp;Vyso\u010din\u011b. Se Zde\u0148kem Mi\u0161urcem a&nbsp;Zde\u0148kem Zast\u00e1vkou se pod\u00edlel na modelu klasifikace lidov\u00fdch staveb, kter\u00fd byl na po\u010d\u00e1tku po\u010d\u00edta\u010dov\u00e9ho zpracov\u00e1n\u00ed dat o&nbsp;t\u011bchto objektech, a&nbsp;to, i&nbsp;kdy\u017e se s&nbsp;po\u010d\u00edta\u010dem s\u00e1m nikdy pracovat nenau\u010dil.<\/p>\n<p><img data-recalc-dims=\"1\" loading=\"lazy\" decoding=\"async\" data-attachment-id=\"3720\" data-permalink=\"https:\/\/sovamm.cz\/wordpress\/vystavy\/vystava-macel-vajdis\/macel-vajdis\/jaroslav-vajdis\/img_20211204_0039_upr\/\" data-orig-file=\"https:\/\/i0.wp.com\/sovamm.cz\/wordpress\/wp-content\/uploads\/2021\/12\/IMG_20211204_0039_upr-e1639520621976.jpg?fit=1038%2C674&amp;ssl=1\" data-orig-size=\"1038,674\" data-comments-opened=\"1\" data-image-meta=\"{&quot;aperture&quot;:&quot;0&quot;,&quot;credit&quot;:&quot;&quot;,&quot;camera&quot;:&quot;CanoScan LiDE 120&quot;,&quot;caption&quot;:&quot;&quot;,&quot;created_timestamp&quot;:&quot;&quot;,&quot;copyright&quot;:&quot;&quot;,&quot;focal_length&quot;:&quot;0&quot;,&quot;iso&quot;:&quot;0&quot;,&quot;shutter_speed&quot;:&quot;0&quot;,&quot;title&quot;:&quot;&quot;,&quot;orientation&quot;:&quot;1&quot;}\" data-image-title=\"IMG_20211204_0039_upr\" data-image-description=\"\" data-image-caption=\"\" data-large-file=\"https:\/\/i0.wp.com\/sovamm.cz\/wordpress\/wp-content\/uploads\/2021\/12\/IMG_20211204_0039_upr-e1639520621976.jpg?fit=474%2C308&amp;ssl=1\" class=\"alignnone size-large wp-image-3720\" src=\"https:\/\/i0.wp.com\/www.sovamm.cz\/wordpress\/wp-content\/uploads\/2021\/12\/IMG_20211204_0039_upr-1024x665.jpg?resize=474%2C308&#038;ssl=1\" alt=\"\" width=\"474\" height=\"308\" \/><\/p>\n<p style=\"text-align: center;\"><em>Jaroslav Vajdi\u0161 s&nbsp;Ji\u0159\u00edm \u0160kabradou v&nbsp;ateli\u00e9ru v&nbsp;Novom\u011bstsk\u00e9 radnici na za\u010d\u00e1tku 80.&nbsp;let\u00a0<\/em><\/p>\n<p>V\u00fdznamnou slo\u017eku Vajdi\u0161ova d\u00edla p\u0159edstavuje jeho tvorba v\u00fdtvarn\u00e1. V\u011bnoval se kresb\u011b a&nbsp;okrajov\u011b i&nbsp;malb\u011b, cen\u011bno je ale p\u0159edev\u0161\u00edm jeho d\u00edlo fotografick\u00e9, v&nbsp;n\u011bm\u017e se vedle lidov\u00e9 architektury a&nbsp;vesnice zam\u011b\u0159il na krajinu, p\u0159\u00edrodn\u00ed detaily a&nbsp;v&nbsp;n\u011bm\u017e nechyb\u00ed ani lid\u00e9 a&nbsp;zv\u00ed\u0159ata. Teoretickou pr\u016fpravu z\u00edskal v&nbsp;\u010cesk\u00e9m klubu fotograf\u016f amat\u00e9r\u016f (\u010cKFA) v&nbsp;Brn\u011b. Po&nbsp;p\u0159\u00edchodu do Prahy v&nbsp;r. 1949 byl i&nbsp;\u010dlenem jeho celost\u00e1tn\u00edho v\u00fdboru. Jeho fotografie byly prezentov\u00e1ny na \u0159ad\u011b dom\u00e1c\u00edch i&nbsp;zahrani\u010dn\u00edch v\u00fdstav. V\u00fdznamn\u00e1 pro n\u011bj podle jeho vlastn\u00edch vzpom\u00ednek byla \u00fa\u010dast na realizaci v\u00fdstavy Architektura v&nbsp;\u010desk\u00e9m n\u00e1rodn\u00edm d\u011bdictv\u00ed.<\/p>\n<p><em><a href=\"https:\/\/www.sovamm.cz\/wordpress\/macel-vajdis\/\">\u2192 M\u00e1\u010del \u2014 Vajdi\u0161<\/a><\/em><\/p>\n<h3 id=\"samostatn\u00e9-v\u00fdstavy:\">Samostatn\u00e9 v\u00fdstavy:<\/h3>\n<ul>\n<li>1966 \u2013 V\u00fdstavn\u00ed s\u00ed\u0148 Fotochemy, Praha, IV.<\/li>\n<li><a href=\"https:\/\/www.sovamm.cz\/wordpress\/wp-content\/uploads\/2021\/12\/Vajdis_1968.pdf\" target=\"_blank\" rel=\"noopener\">1968 \u2013 <em>Fotografie krajin a&nbsp;vesnic<\/em>, D\u016fm p\u00e1n\u016f z&nbsp;Kun\u0161t\u00e1tu, Brno, I.\u2013II.<\/a><\/li>\n<li>1977 \u2013 <em>Leningrad ve fotografi\u00edch Jaroslava Vajdi\u0161e<\/em>, Vlastiv\u011bdn\u00fd \u00fastav, \u0160umperk, V.<\/li>\n<li><a href=\"https:\/\/www.sovamm.cz\/wordpress\/wp-content\/uploads\/2021\/12\/Vajdis_1981.pdf\" target=\"_blank\" rel=\"noopener\">1981 \u2013 <em>Kraj vd\u011b\u010dn\u00fdch n\u00e1vrat\u016f<\/em>, \u00dastav lidov\u00e9ho um\u011bn\u00ed, Str\u00e1\u017enice, IV.\u2013V.<\/a><\/li>\n<li>1982 \u2013 <em>Krajiny a&nbsp;lidov\u00e1 architektura<\/em>, Chirurgick\u00e9 odd\u011blen\u00ed nemocnice ve Vysok\u00e9m M\u00fdt\u011b, Vysok\u00e9 M\u00fdto, II.<\/li>\n<li>1985 \u2013 N\u00e1rodopisn\u00e9 muzeum v&nbsp;T\u0159eb\u00edzi, T\u0159ebiz, VI.\u2013VII.<\/li>\n<li><a href=\"https:\/\/www.sovamm.cz\/wordpress\/wp-content\/uploads\/2021\/12\/Vajdis_1987.pdf\" target=\"_blank\" rel=\"noopener\">1987 \u2013 <em>Jaroslav Vajdi\u0161: Fotografie,<\/em> Galerie Vlastiv\u011bdn\u00e9ho muzea ve Slan\u00e9m, Slan\u00fd, IV.\u2013V.<\/a><\/li>\n<\/ul>\n<h3 id=\"kolektivn\u00ed-v\u00fdstavy:\">Kolektivn\u00ed v\u00fdstavy:<\/h3>\n<ul>\n<li>1957 \u2013 <em>\u010ceskoslovensk\u00e1 fotografie<\/em>, Moskva, Leningrad.<\/li>\n<li>1961\u20131998 \u2013 <em>Lid v&nbsp;p\u011bti generac\u00edch<\/em>, st\u00e1l\u00e1 expozice Moravsk\u00e9ho muzea v&nbsp;Brn\u011b, Pal\u00e1c \u0161lechti\u010den, Brno.<\/li>\n<li>1967 \u2013<em> Architektura a&nbsp;\u017eivotn\u00ed prost\u0159ed\u00ed<\/em> (p\u0159i&nbsp;p\u0159\u00edle\u017eitosti kongresu Mezin\u00e1rodn\u00ed unie architekt\u016f UIA), J\u00edzd\u00e1rna Pra\u017esk\u00e9ho hradu, Praha.<\/li>\n<li>1967 \u2013 <em>Lidov\u00e1 architektura v&nbsp;\u010ceskoslovensku<\/em>, po\u0159\u00e1dal S\u00daPPOP Praha, It\u00e1lie.<\/li>\n<li>1971 \u2013 <em>Ochrana pam\u00e1tek lidov\u00e9 architektury<\/em> (p\u0159i&nbsp;p\u0159\u00edle\u017eitosti symposia ICOMOS), \u0160trbsk\u00e9 pleso a&nbsp;Brno, VIII.\u2013IX.<\/li>\n<li>1979 \u2013 <em>L\u2019architecture populaire en Europe<\/em>, Maisons paysannes d\u2019Ile de France, Paris.<\/li>\n<li>1982 \u2013 <em>Evropsk\u00e9 skanzeny<\/em>, N\u00e1rodopisn\u00e9 muzeum v&nbsp;T\u0159eb\u00edzi, T\u0159eb\u00edz, VI.\u2013X.<\/li>\n<li>1984 \u2013 <em>Lidov\u00e1 architektura st\u0159edn\u00edch \u010cech<\/em>, St\u0159edo\u010desk\u00e9 muzeum v&nbsp;Roztok\u00e1ch, Roztoky u&nbsp;Prahy.<\/li>\n<li>1987 \u2013 <em>\u010cesk\u00fd a&nbsp;slovensk\u00fd lid ve fotografi\u00edch n\u00e1rodopisc\u016f<\/em>, \u00dastav lidov\u00e9ho um\u011bn\u00ed, Str\u00e1\u017enice, n\u00e1vazn\u011b v&nbsp;dal\u0161\u00edch m\u011bstech.<\/li>\n<li>2021 \u2013 <em>Skanzen Str\u00e1\u017enice 1981\u20132021<\/em>: V\u00fdstava k&nbsp;40.&nbsp;v\u00fdro\u010d\u00ed Muzea vesnice jihov\u00fdchodn\u00ed Moravy. V\u011bnov\u00e1no rovn\u011b\u017e v\u00fdznamn\u00e9mu \u017eivotn\u00edmu jubileu etnologa Josefa Jan\u010d\u00e1\u0159e a&nbsp;100 let\u016fm od narozen\u00ed architekt\u016f Jaroslava Vajdi\u0161e a&nbsp;Otakara M\u00e1\u010dela, N\u00daLK, Str\u00e1\u017enice, 13.\u200aVI.\u201331.\u200aX.<\/li>\n<\/ul>\n<h3 id=\"dokumentace-a-pr\u016fzkumy-pam-ob\">Dokumentace a&nbsp;pr\u016fzkumy pam. objekt\u016f:<\/h3>\n<ul>\n<li>Jihomoravsk\u00fd kraj \u2013 Luha\u010dovick\u00e9 Z\u00e1les\u00ed, Kopanice, Hor\u0148\u00e1cko, Vy\u0161kovsko, \u010ceskomoravsk\u00e1 Vrchovina, Kr\u00e1tk\u00e1, Slov\u00e1cko, Rymice, Kameni\u010dky, Trhonice a&nbsp;dal\u0161\u00ed.<\/li>\n<li>Okres Plze\u0148-sever.<\/li>\n<li>Okres Rokycany \u2013 Dob\u0159\u00edv a&nbsp;Stra\u0161ice.<\/li>\n<li>Okres Plze\u0148-jih \u2013 souhrnn\u00e1 zpr\u00e1va o&nbsp;stavu pam. objekt\u016f.<\/li>\n<li>Obec Stachy<\/li>\n<li>Okres Cheb, pr\u016fzkum k&nbsp;nerealizovan\u00e9mu z\u00e1m\u011bru vytvo\u0159en\u00ed pam\u00e1tkov\u00e9 z\u00f3ny hr\u00e1zd\u011bn\u00fdch objekt\u016f.<\/li>\n<li>Podstatn\u00e1 \u00fa\u010dast na pr\u016fzkumu pam. j\u00e1dra Prahy; samostatn\u011b pr\u016fzkum historick\u00e9ho j\u00e1dra B\u0159evnova.<\/li>\n<li>Orienta\u010dn\u00ed pr\u016fzkum Vrchlab\u00ed pro pot\u0159eby \u00fazemn\u00edho pl\u00e1nov\u00e1n\u00ed.<\/li>\n<li>Souhrnn\u00fd pr\u016fzkum Dobr\u0161\u00edna.<\/li>\n<li>Okres \u0160umperk, zam\u011b\u0159en\u00ed pam\u00e1tkov\u00fdch objekt\u016f a&nbsp;dopl\u0148ky s&nbsp;dotv\u00e1\u0159en\u00edm po\u0161kozen\u00fdch a&nbsp;zanikl\u00fdch \u010d\u00e1st\u00ed.<\/li>\n<li>Pr\u016fzkum Ma\u0159atic u&nbsp;Uhersk\u00e9ho Hradi\u0161t\u011b s&nbsp;p\u0159ihl\u00e9dnut\u00edm na formy vinohradn\u00edch sklep\u016f a&nbsp;stodol.<\/li>\n<li>Pr\u016fzkum \u010dtvrti tkalcovsk\u00fdch domk\u016f p\u0159i&nbsp;textiln\u00ed v\u00fdrobn\u011b v&nbsp;Kout\u011b na \u0160umav\u011b.<\/li>\n<li>Pr\u016fzkum ji\u017en\u00ed \u010d\u00e1sti j\u00e1dra Lokte.<\/li>\n<li>Pr\u016fzkum okol\u00ed Nov\u00e9ho M\u011bsta nad Metuj\u00ed.<\/li>\n<li>Kostel ve Slavo\u0148ov\u011b.<\/li>\n<li>Dokumentace a&nbsp;zhodnocen\u00ed z\u00e1stavby Horn\u00ed a&nbsp;Doln\u00ed Vidimi.<\/li>\n<\/ul>\n<h3 id=\"zam\u011b\u0159ovac\u00ed-akce:\">Zam\u011b\u0159ovac\u00ed akce:<\/h3>\n<ul>\n<li>Kostel v&nbsp;Dukovanech, 1:50<\/li>\n<li>Blok dom\u016f na ji\u017en\u00ed stran\u011b n\u00e1m\u011bst\u00ed v&nbsp;Lokti, 1:50<\/li>\n<li>Kostel v&nbsp;T\u011b\u0161ov\u011b u&nbsp;Zl\u00edna<\/li>\n<li>Kl\u00e1\u0161ter v&nbsp;P\u0159edkl\u00e1\u0161te\u0159\u00ed u&nbsp;Ti\u0161nova<\/li>\n<li>Kr\u00e1sn\u00e1 L\u00edpa, d\u016fm \u010dp.&nbsp;1, 1:50<\/li>\n<li>T\u0159e\u0161tina u&nbsp;\u0160umperka, d\u016fm \u010dp.&nbsp;22, 1:50<\/li>\n<li>Vit\u011bjovice u&nbsp;Netolic, d\u016fm \u010dp.&nbsp;15, 1:50<\/li>\n<li>\u017damberk, d\u0159ev\u011bn\u00e1 hospoda, 1:50<\/li>\n<li>Praha, v\u00fdchodn\u00ed pr\u016f\u010del\u00ed Starom\u011bstsk\u00e9ho n\u00e1m\u011bst\u00ed, 1:200<\/li>\n<li>Praha, Novom\u011bstsk\u00e1 radnice, 1:50<\/li>\n<\/ul>\n<h3 id=\"publikace:\">Publikace:<\/h3>\n<ul>\n<li>N\u011bkter\u00e9 z\u00e1sady architektonick\u00e9 tvorby ve vesnici. <em>\u010cesk\u00fd lid<\/em>. 1954, 41(4), s. 149\u2013155.<\/li>\n<li><em>Komposice architektury: soubor stat\u00ed. Odd\u00edl 4.&nbsp;\u010c\u00e1st 3, Komposice \u010desk\u00e9 a&nbsp;slovensk\u00e9 architektury. Komposice \u010desk\u00e9 a&nbsp;slovensk\u00e9 architektury 19.&nbsp;stolet\u00ed. Komposice \u010desk\u00e9 a&nbsp;slovensk\u00e9 architektury lidov\u00e9<\/em> (s&nbsp;Ji\u0159\u00edm Van\u010durou a&nbsp;Karlem Pragerem). Praha: V\u00daVA, 1955. V\u00fdzkumn\u00e9 \u00fakoly Komposice architektury; Odd\u00edl 4. D\u00edl\u010d\u00ed \u00fakol 6.&nbsp;a&nbsp;7.<\/li>\n<li><em>Slov\u00e1cko: architektonick\u00fd v\u00fdvoj vesnice<\/em> (s&nbsp;Otakarem M\u00e1\u010delem). Praha: Nakladatelstv\u00ed \u010deskoslovensk\u00fdch v\u00fdtvarn\u00fdch um\u011blc\u016f, 1958.&nbsp;\u010cesk\u00e1 architektura. Velk\u00e1 \u0159ada.<\/li>\n<li>Tendence v\u00fdvoje forem vesnick\u00fdch staveb na Slov\u00e1cku. <em>Architektura \u010cSR<\/em>. 1958, 3(7).<\/li>\n<li><em>Krajina ve fotografii<\/em>. Praha: Orbis, 1960. Fotor\u00e1dce.<\/li>\n<li>Architektura vesnic v&nbsp;\u010cech\u00e1ch a&nbsp;na Morav\u011b (s&nbsp;Karlem Pragerem). In: WIRTH, Zden\u011bk, Ivan BORKOVSK\u00dd a&nbsp;Augusta M\u00dcLLEROV\u00c1. <em>Architektura v&nbsp;\u010desk\u00e9m n\u00e1rodn\u00edm d\u011bdictv\u00ed<\/em>. Praha: SNKLU, 1961. Architektura.<\/li>\n<li>Das l\u00e4ndliche Bauwesen des m\u00e4hrischen Walachei. In: <em>Ethnographica: ro\u010denka<\/em>. Brno: Krajsk\u00e9 nakladatelstv\u00ed. 1962, 3\u20134, s. 368\u2013392. Etnografick\u00e9 tisky Moravsk\u00e9ho musea v&nbsp;Brn\u011b.<\/li>\n<li>La\u017eansk\u00fd pal\u00e1c na Star\u00e9m M\u011bst\u011b pra\u017esk\u00e9m (s&nbsp;Dobroslavem L\u00edbalem). <em>Pam\u00e1tkov\u00e1 p\u00e9\u010de<\/em>. 1962, 22(7), s. 199\u2013201.<\/li>\n<li>Pam\u00e1tkov\u00e1 p\u00e9\u010de a&nbsp;architektura vesnic. In: <em>Sborn\u00edk p\u0159edn\u00e1\u0161ek na konferenci S\u00daRPMO<\/em>, 1964.<\/li>\n<li>Nov\u00e9 poznatky o&nbsp;stavebn\u00edm v\u00fdvoji Prahy (Rom\u00e1nsk\u00e9 domy na Star\u00e9m M\u011bst\u011b, D\u016fm Jana Velvara, D\u016fm U&nbsp;supa, Kostel a&nbsp;kl\u00e1\u0161ter sv.&nbsp;Havla, B\u00fdval\u00fd kl\u00e1\u0161ter sv.&nbsp;Anny, Dva \u00faseky v&nbsp;Dlouh\u00e9 ulici, Skupina dom\u016f v&nbsp;Jilsk\u00e9 ulici) (s&nbsp;Dobroslavem L\u00edbalem a&nbsp;dal\u0161\u00edmi). In: <em>Stalet\u00e1 Praha. <\/em>Praha: Orbis, 1965, s. 74\u2013105.<\/li>\n<li>Na malostransk\u00e9m n\u00e1m\u011bst\u00ed (s&nbsp;Dobroslavem L\u00edbalem). In: <em>Stalet\u00e1 Praha III<\/em>. Praha: Orbis, 1967, s. 161\u2013168.<\/li>\n<li>Studie prostorov\u00e9 skladby obytn\u00fdch budov v&nbsp;Lokti. <em>Pam\u00e1tkov\u00e1 p\u00e9\u010de<\/em>. 1968, 28(8), s. 225\u2013231, 256.<\/li>\n<li>Usedlosti v&nbsp;okol\u00ed Poli\u010dky. <em>Pam\u00e1tkov\u00e1 p\u00e9\u010de<\/em>. 1968, 28(10), s. 289\u2013303, 320.<\/li>\n<li>K v\u00fdvoji vesnick\u00e9 architektury. <em>Technick\u00fd t\u00fdden\u00edk<\/em>. 1969, 27(33), s. 4.<\/li>\n<li>Ochrana pam\u00e1tek lidov\u00e9 architektury. In: <em>Sborn\u00edk p\u0159edn\u00e1\u0161ek z&nbsp;mezin\u00e1rodn\u00edho symposia \u201eP\u0159\u00edsp\u011bvek k&nbsp;syst\u00e9mu standardn\u00ed inventarizace stavebn\u00edch pam\u00e1tek\u201c<\/em>. Praha \u2013 N\u00e1m\u011b\u0161\u0165, 10.\u201317.&nbsp;z\u00e1\u0159\u00ed 1969, Praha: 1969.<\/li>\n<li>Konstrukce a&nbsp;forma v&nbsp;lidov\u00e9 architektu\u0159e.<em> Obnova pam\u00e1tek: \u010dasopis pro stavebn\u011b restaur\u00e1torskou pr\u00e1ci<\/em>. \u0160umperk: Vlastiv\u011bdn\u00fd \u00fastav. 1971, 3(2), s. 39\u201353<\/li>\n<li><a href=\"https:\/\/www.sovamm.cz\/wordpress\/wp-content\/uploads\/2021\/12\/Vajdis_1971.pdf\" target=\"_blank\" rel=\"noopener\">Architektonick\u00fd charakter vesnic p\u0159i&nbsp;Morav\u011b a&nbsp;Dyji. <em>Pam\u00e1tkov\u00e1 p\u00e9\u010de<\/em>. 1971, 31(2), s. 90\u2013101, 127, 128.<\/a><\/li>\n<li>Rostrie\u0161ten\u00e9 sily. <em>Projekt<\/em>. 1971, 14(147\u2013148), s. 272\u2013277.<\/li>\n<li>La mesure en tant que partie du syst\u00e8me de documentation de l\u2019architecture folklorique. In: <em>Symposion International sur le mesurage des monuments.<\/em> Brno, 1971, s. 141\u2013147.<\/li>\n<li>Formy ztv\u00e1rn\u011bn\u00ed prvk\u016f a&nbsp;architektonick\u00fdch hmot lidov\u00fdch staveb na Vala\u0161sku, zvl\u00e1\u0161t\u011b v&nbsp;jeho okrajov\u00fdch \u00fazem\u00edch. In: MJARTAN, J\u00e1n, ed.<em> \u013dudov\u00e9 stavite\u013estvo v&nbsp;karpatskej oblasti<\/em>. Bratislava, 1974, s. 54\u201356. Ethnographia Carpatica.<\/li>\n<li>Wohnaitz und Behausung der Dorfbev\u00f6lkerung. In: HASALOV\u00c1, V\u011bra a&nbsp;Jaroslav VAJDI\u0160. <em>Die Volkskunst in der Tschechoslowakei.<\/em> Praha: Artia, 1974, s. 33\u201383.<\/li>\n<li>Architektonick\u00e9 pam\u00e1tky v&nbsp;prost\u0159ed\u00ed dne\u0161n\u00ed vesnice. In: TOME\u0160, Josef, V\u00e1clav FROLEC a&nbsp;Miroslav KREJ\u010c\u00cd, ed. <em>\u017divotn\u00ed prost\u0159ed\u00ed a&nbsp;tradice<\/em>. Brno: Blok, 1975, s. 61\u201363. Lidov\u00e1 kultura a&nbsp;sou\u010dasnost.<\/li>\n<li>Protection de l\u2019architecture populaire des sites prot\u00e9g\u00e9s. Symposium ICOMOS 1971. In: <em>Monumentorum tutela &#8211; Ochrana pamiatok: sborn\u00edk pamiatkovej starostlivosti.<\/em> Bratislava: Obzor. 1976, 9, s. 239\u2013255.<\/li>\n<li><a href=\"https:\/\/www.sovamm.cz\/wordpress\/wp-content\/uploads\/2022\/02\/Vajdis_1976.pdf\" target=\"_blank\" rel=\"noopener\">Pr\u016fzkum pam\u00e1tek vesnick\u00e9 v\u00fdstavby v&nbsp;okrese \u0160umperk. In: <em>Severn\u00ed Morava: Vlastiv\u011bdn\u00fd sborn\u00edk<\/em>. 1976, s. 3\u201331<\/a>.<\/li>\n<li>Prostorov\u00e9 a&nbsp;hmotov\u00e9 \u0159e\u0161en\u00ed architektury na Vala\u0161sku. <em>Slovensk\u00fd n\u00e1rodopis \/ Slovak Ethnology.<\/em> 1976, 24(2), s. 280\u2013284.<\/li>\n<li>Lidov\u00e1 architektura, pod\u00edl na \u010dinnosti S\u00daRPMO. <em>Bulletin S\u00daRPMO<\/em>. 1978, 1\u20132, s. 3\u201312.<\/li>\n<li>Zpr\u00e1va o&nbsp;jedn\u00e1n\u00ed konference ICOMOS \u2013 1977. <em>Bulletin S\u00daRPMO<\/em>. 1978, 1\u20132, s. 13\u201315.<\/li>\n<li><a href=\"https:\/\/www.sovamm.cz\/wordpress\/wp-content\/uploads\/2022\/01\/Vajdis_1978.pdf\" target=\"_blank\" rel=\"noopener\">P\u0159ipom\u00ednka skromn\u00e9 architektury. In: <em>Zpr\u00e1vy Klubu za starou Prahu: Sborn\u00edk za l\u00e9ta 1972\u20131975<\/em>. Praha, 1978, s. 45\u201350<\/a>.<\/li>\n<li><a href=\"https:\/\/na.nulk.cz\/1979\/3\/Nr.html#04\" target=\"_blank\" rel=\"noopener\">Stavebn\u00ed v\u00fdvoj obce Kr\u00e1tk\u00e1. <em>N\u00e1rodopisn\u00e9 aktuality<\/em>. 1979, 16(3), s. 198\u2013210.<\/a><\/li>\n<li><a href=\"https:\/\/na.nulk.cz\/1980\/3\/Nr.html#01\" target=\"_blank\" rel=\"noopener\">K charakteru star\u00fdch rouben\u00fdch budov. <em>N\u00e1rodopisn\u00e9 aktuality<\/em>. 1980, 17(3), s. 169\u2013189.<\/a><\/li>\n<li><em>Klasifika\u010dn\u00ed syst\u00e9m \u201eLidov\u00e1 stavba\u201c<\/em> (se Zde\u0148kem Mi\u0161urcem a&nbsp;Zde\u0148kem Zast\u00e1vkou). Praha: \u00dastav pro etnografii a&nbsp;folkloristiku \u010cSAV, 1982. Opera ethnologica.<\/li>\n<li><em>Lidov\u00e1 architektura St\u0159edo\u010desk\u00e9ho kraje<\/em> (s&nbsp;Ji\u0159\u00edm \u0160kabradou). Praha: St\u0159edisko st\u00e1tn\u00ed pam\u00e1tkov\u00e9 p\u00e9\u010de a&nbsp;ochrany p\u0159\u00edrody St\u0159edo\u010desk\u00e9ho kraje, 1984. Pam\u00e1tky St\u0159edo\u010desk\u00e9ho kraje.<\/li>\n<li>Usedlosti s&nbsp;uzav\u0159en\u00fdm dvorem na pomez\u00ed \u010cech a&nbsp;Moravy. In: <em>Sborn\u00edk p\u0159\u00edsp\u011bvk\u016f z&nbsp;pracovn\u00edho semin\u00e1\u0159e, konan\u00e9ho ve dnech 17.&nbsp;a&nbsp;18.&nbsp;\u0159\u00edjna 1984 ve Svobodn\u00fdch Hamrech<\/em>. Pardubice: KSSPPOP v&nbsp;Pardubic\u00edch, 1986, s. 38\u201350.<\/li>\n<li><a href=\"https:\/\/na.nulk.cz\/1986\/3\/Nr.html#02\" target=\"_blank\" rel=\"noopener\">D\u0159ev\u011bn\u00e9 stavby na \u0160umpersku. <em>N\u00e1rodopisn\u00e9 aktuality<\/em>. 1986, 23(3), s. 134\u2013163<\/a><\/li>\n<li>Tradi\u010dn\u00ed stavebn\u00ed klenebn\u00ed prvky ve stavitelstv\u00ed vesnic. In: \u0160KABRADA, Ji\u0159\u00ed, ed. <em>Vesnick\u00fd d\u016fm v&nbsp;16.&nbsp;a&nbsp;17.&nbsp;stolet\u00ed<\/em>. Praha: \u010cVUT, 1992, s. 86\u201396.<\/li>\n<li>Formy a&nbsp;v\u00fdvoj z\u00e1stavby zanikl\u00e9ho m\u011bste\u010dka Zahr\u00e1dky. In: <em>Sborn\u00edk vlastiv\u011bdn\u00fdch prac\u00ed z&nbsp;Podblanicka<\/em>. Bene\u0161ov: Muzeum okresu Bene\u0161ov; Okresn\u00ed archiv, 1997, s. 191\u2013205.<\/li>\n<li><a href=\"https:\/\/www.sovamm.cz\/wordpress\/wp-content\/uploads\/2021\/12\/Vajdis_2001.pdf\" target=\"_blank\" rel=\"noopener\">P\u0159\u00edrodn\u00ed materi\u00e1ly ve stavebnictv\u00ed vesnic v&nbsp;Pomorav\u00ed. In: KUBEL\u00cdK, Martin, Milan PAVL\u00cdK a&nbsp;Josef \u0160TULC, ed. <em>Historick\u00e1 inspirace: sborn\u00edk k&nbsp;poct\u011b Dobroslava L\u00edbala<\/em>. Praha: Jalna, 2001, s. 427\u2013440.<\/a><\/li>\n<\/ul>\n<h3 id=\"ilustrace-\/-publikovan\u00e1-zam\u011b\">Ilustrace \/ publikovan\u00e1 zam\u011b\u0159en\u00ed a&nbsp;fotografie:<\/h3>\n<ul>\n<li>POL\u00c1\u0160KOV\u00c1, Eva. <em>Hor\u00e1cko: lidov\u00e9 stavby<\/em>. Brno: KSSPPOP, 1966.<\/li>\n<li>POL\u00c1\u0160KOV\u00c1, Eva. <em>Luha\u010dovick\u00e9 Z\u00e1les\u00ed: lidov\u00e9 stavby.<\/em> Brno: KSSPPOP, 1966.<\/li>\n<li>POL\u00c1\u0160KOV\u00c1, Eva. <em>Slov\u00e1cko: lidov\u00e9 stavby.<\/em> Brno: KSSPPOP, 1966.<\/li>\n<li>FROLEC, V\u00e1clav, Josef VA\u0158EKA a&nbsp;\u0160tefan MRU\u0160KOVI\u010c. <em>Lidov\u00e1 architektura: encyklopedie.<\/em> Praha: SNTL, 1983.<\/li>\n<\/ul>\n<p><em>Aktualizov\u00e1no: <span class=\"last-modified-timestamp\">13\/03\/2025 08:27<\/span><\/em><\/p>\n","protected":false},"excerpt":{"rendered":"<p>(27.\u200a2.\u200a1920 P\u0159\u00edlepy \u2013 16.\u200a9.\u200a2006 Praha) Narodil se v&nbsp;P\u0159\u00edlep\u00edch u&nbsp;Hole\u0161ova. Vyr\u016fstal v&nbsp;Hodon\u00edn\u011b, kam se rodina odst\u011bhovala v\u00a0roce 1921. Zde vystudoval re\u00e1lku. Po&nbsp;maturit\u011b a&nbsp;uzav\u0159en\u00ed vysok\u00fdch \u0161kol v&nbsp;roce 1939 pro\u0161el r\u016fzn\u00fdmi zam\u011bstn\u00e1n\u00edmi, mezi &hellip; <a href=\"https:\/\/sovamm.cz\/wordpress\/vystavy\/vystava-macel-vajdis\/macel-vajdis\/jaroslav-vajdis\/\" class=\"more-link\">Pokra\u010dov\u00e1n\u00ed textu <span class=\"screen-reader-text\">Jaroslav Vajdi\u0161<\/span> <span class=\"meta-nav\">&rarr;<\/span><\/a><\/p>\n","protected":false},"author":2,"featured_media":0,"parent":3675,"menu_order":0,"comment_status":"closed","ping_status":"closed","template":"","meta":{"jetpack_post_was_ever_published":false,"footnotes":""},"class_list":["post-3683","page","type-page","status-publish","hentry"],"jetpack_shortlink":"https:\/\/wp.me\/P8dB8l-Xp","jetpack_sharing_enabled":true,"_links":{"self":[{"href":"https:\/\/sovamm.cz\/wordpress\/wp-json\/wp\/v2\/pages\/3683","targetHints":{"allow":["GET"]}}],"collection":[{"href":"https:\/\/sovamm.cz\/wordpress\/wp-json\/wp\/v2\/pages"}],"about":[{"href":"https:\/\/sovamm.cz\/wordpress\/wp-json\/wp\/v2\/types\/page"}],"author":[{"embeddable":true,"href":"https:\/\/sovamm.cz\/wordpress\/wp-json\/wp\/v2\/users\/2"}],"replies":[{"embeddable":true,"href":"https:\/\/sovamm.cz\/wordpress\/wp-json\/wp\/v2\/comments?post=3683"}],"version-history":[{"count":27,"href":"https:\/\/sovamm.cz\/wordpress\/wp-json\/wp\/v2\/pages\/3683\/revisions"}],"predecessor-version":[{"id":6770,"href":"https:\/\/sovamm.cz\/wordpress\/wp-json\/wp\/v2\/pages\/3683\/revisions\/6770"}],"up":[{"embeddable":true,"href":"https:\/\/sovamm.cz\/wordpress\/wp-json\/wp\/v2\/pages\/3675"}],"wp:attachment":[{"href":"https:\/\/sovamm.cz\/wordpress\/wp-json\/wp\/v2\/media?parent=3683"}],"curies":[{"name":"wp","href":"https:\/\/api.w.org\/{rel}","templated":true}]}}