{"id":3124,"date":"2020-01-26T15:44:23","date_gmt":"2020-01-26T14:44:23","guid":{"rendered":"https:\/\/www.sovamm.cz\/wordpress\/?page_id=3124"},"modified":"2025-03-13T15:05:04","modified_gmt":"2025-03-13T14:05:04","slug":"workspace","status":"publish","type":"page","link":"https:\/\/sovamm.cz\/wordpress\/en\/sovpis-2\/workspace\/","title":{"rendered":"Workspace"},"content":{"rendered":"<p><span class=\"tlid-translation translation\" lang=\"en\"><span class=\"\" title=\"\">The project workspace is intended for SOVPIS contributors.<\/span> <span class=\"\" title=\"\">They can find here the links to the repository of documents gradually published using <a href=\"http:\/\/archiv.sovamm.cz\/photo\/?t=Albums\/album_534f56504953\/album_534f565049532f435a45#Albums\/album_534f56504953\/album_534f565049532f435a45\" target=\"_blank\" rel=\"noopener noreferrer\">PhotoStation<\/a>, other applications, guides, <span id=\"FunctionalBlock1_ctl00_forumList_categoryList_ctl00_forums_ctl02_forumDescription\" class=\"forumDescription\">announcements about upcoming <\/span><a href=\"https:\/\/www.sovamm.cz\/wordpress\/en\/events\/\" target=\"_blank\" rel=\"noopener noreferrer\">events<\/a>, simply everything they need for their work on SOVPIS.<\/span><\/span><\/p>\n<p><span title=\"\">Some sites and posts require login !!!<\/span><\/p>\n","protected":false},"excerpt":{"rendered":"<p>The project workspace is intended for SOVPIS contributors. They can find here the links to the repository of documents gradually published using PhotoStation, other applications, guides, announcements about upcoming events, &hellip; <a href=\"https:\/\/sovamm.cz\/wordpress\/en\/sovpis-2\/workspace\/\" class=\"more-link\">Pokra\u010dov\u00e1n\u00ed textu <span class=\"screen-reader-text\">Workspace<\/span> <span class=\"meta-nav\">&rarr;<\/span><\/a><\/p>\n","protected":false},"author":2,"featured_media":115,"parent":2948,"menu_order":2,"comment_status":"closed","ping_status":"closed","template":"","meta":{"jetpack_post_was_ever_published":false,"footnotes":""},"class_list":["post-3124","page","type-page","status-publish","has-post-thumbnail","hentry"],"jetpack_shortlink":"https:\/\/wp.me\/P8dB8l-Oo","jetpack_sharing_enabled":true,"_links":{"self":[{"href":"https:\/\/sovamm.cz\/wordpress\/wp-json\/wp\/v2\/pages\/3124","targetHints":{"allow":["GET"]}}],"collection":[{"href":"https:\/\/sovamm.cz\/wordpress\/wp-json\/wp\/v2\/pages"}],"about":[{"href":"https:\/\/sovamm.cz\/wordpress\/wp-json\/wp\/v2\/types\/page"}],"author":[{"embeddable":true,"href":"https:\/\/sovamm.cz\/wordpress\/wp-json\/wp\/v2\/users\/2"}],"replies":[{"embeddable":true,"href":"https:\/\/sovamm.cz\/wordpress\/wp-json\/wp\/v2\/comments?post=3124"}],"version-history":[{"count":2,"href":"https:\/\/sovamm.cz\/wordpress\/wp-json\/wp\/v2\/pages\/3124\/revisions"}],"predecessor-version":[{"id":6058,"href":"https:\/\/sovamm.cz\/wordpress\/wp-json\/wp\/v2\/pages\/3124\/revisions\/6058"}],"up":[{"embeddable":true,"href":"https:\/\/sovamm.cz\/wordpress\/wp-json\/wp\/v2\/pages\/2948"}],"wp:featuredmedia":[{"embeddable":true,"href":"https:\/\/sovamm.cz\/wordpress\/wp-json\/wp\/v2\/media\/115"}],"wp:attachment":[{"href":"https:\/\/sovamm.cz\/wordpress\/wp-json\/wp\/v2\/media?parent=3124"}],"curies":[{"name":"wp","href":"https:\/\/api.w.org\/{rel}","templated":true}]}}