{"id":2928,"date":"2020-01-07T09:15:30","date_gmt":"2020-01-07T08:15:30","guid":{"rendered":"https:\/\/www.sovamm.cz\/wordpress\/?page_id=2928"},"modified":"2025-03-13T14:31:49","modified_gmt":"2025-03-13T13:31:49","slug":"contact","status":"publish","type":"page","link":"https:\/\/sovamm.cz\/wordpress\/en\/contact\/","title":{"rendered":"Contact"},"content":{"rendered":"<h2 id=\"sovamm\">SOVAMM<\/h2>\n<p>Spole\u010dnost pro obnovu vesnice a&nbsp;mal\u00e9ho m\u011bsta, z. s.<br \/>\nWebsite: <em><a href=\"https:\/\/sovamm.wordpress.com\/\" target=\"_blank\" rel=\"noopener noreferrer\">https:\/\/sovamm.wordpress.com\/<\/a><\/em><\/p>\n<p>Company Registration Number: 62160516<br \/>\nVAT-Number: CZ62160516<\/p>\n<p>Transparent account: <a href=\"https:\/\/www.rb.cz\/povinne-zverejnovane-informace\/transparentni-ucty?mvcPath=transactions&amp;accountNumber=1485023001&amp;path=transactions\" target=\"_blank\" rel=\"noopener noreferrer\">1485023001\/5500<\/a><\/p>\n<p><i>Secretary:\u00a0<\/i><br \/>\n<i>Zuzana Syrov\u00e1, Kur\u0161ova 30, 635&nbsp;00 Brno-Bystrc, Czech Republic<\/i><br \/>\n<i>Telephone: (+420) 736&nbsp;657&nbsp;048<\/i><br \/>\n<i>Email: syrova@sovamm.cz <\/i><\/p>\n","protected":false},"excerpt":{"rendered":"<p>SOVAMM Spole\u010dnost pro obnovu vesnice a&nbsp;mal\u00e9ho m\u011bsta, z. s. Website: https:\/\/sovamm.wordpress.com\/ Company Registration Number: 62160516 VAT-Number: CZ62160516 Transparent account: 1485023001\/5500 Secretary:\u00a0 Zuzana Syrov\u00e1, Kur\u0161ova 30, 635&nbsp;00 Brno-Bystrc, Czech Republic Telephone: &hellip; <a href=\"https:\/\/sovamm.cz\/wordpress\/en\/contact\/\" class=\"more-link\">Pokra\u010dov\u00e1n\u00ed textu <span class=\"screen-reader-text\">Contact<\/span> <span class=\"meta-nav\">&rarr;<\/span><\/a><\/p>\n","protected":false},"author":24,"featured_media":0,"parent":0,"menu_order":30,"comment_status":"closed","ping_status":"closed","template":"","meta":{"jetpack_post_was_ever_published":false,"footnotes":""},"class_list":["post-2928","page","type-page","status-publish","hentry"],"jetpack_shortlink":"https:\/\/wp.me\/P8dB8l-Le","jetpack_sharing_enabled":true,"_links":{"self":[{"href":"https:\/\/sovamm.cz\/wordpress\/wp-json\/wp\/v2\/pages\/2928","targetHints":{"allow":["GET"]}}],"collection":[{"href":"https:\/\/sovamm.cz\/wordpress\/wp-json\/wp\/v2\/pages"}],"about":[{"href":"https:\/\/sovamm.cz\/wordpress\/wp-json\/wp\/v2\/types\/page"}],"author":[{"embeddable":true,"href":"https:\/\/sovamm.cz\/wordpress\/wp-json\/wp\/v2\/users\/24"}],"replies":[{"embeddable":true,"href":"https:\/\/sovamm.cz\/wordpress\/wp-json\/wp\/v2\/comments?post=2928"}],"version-history":[{"count":7,"href":"https:\/\/sovamm.cz\/wordpress\/wp-json\/wp\/v2\/pages\/2928\/revisions"}],"predecessor-version":[{"id":6799,"href":"https:\/\/sovamm.cz\/wordpress\/wp-json\/wp\/v2\/pages\/2928\/revisions\/6799"}],"wp:attachment":[{"href":"https:\/\/sovamm.cz\/wordpress\/wp-json\/wp\/v2\/media?parent=2928"}],"curies":[{"name":"wp","href":"https:\/\/api.w.org\/{rel}","templated":true}]}}