{"id":2738,"date":"2019-07-21T07:35:15","date_gmt":"2019-07-21T05:35:15","guid":{"rendered":"https:\/\/www.sovamm.cz\/wordpress\/?page_id=2738"},"modified":"2025-03-13T10:49:17","modified_gmt":"2025-03-13T09:49:17","slug":"cernansky-martin-1974","status":"publish","type":"page","link":"https:\/\/sovamm.cz\/wordpress\/publikace-2\/publikace-clenu-sovamm\/cernansky-martin-1974\/","title":{"rendered":"\u010cer\u0148ansk\u00fd Martin (1974-)"},"content":{"rendered":"<p>Narozen 5.6.1974. Pam\u00e1tk\u00e1\u0159, publicista, vydavatel internetov\u00e9ho port\u00e1lu Pam\u00e1tky a\u00a0lidov\u00e1 architektura \u010cR.<br \/>\n<a href=\"https:\/\/www.sovamm.cz\/wordpress\/autori\/martin-cernansky\/\">Autor SOVPIS<\/a> \u00a6 <a href=\"https:\/\/sovamm.wordpress.com\/who-is-who\/martin-cernansky\/\" target=\"_blank\" rel=\"noopener noreferrer\">Who is who in SOVAMM<\/a><\/p>\n\t\t\t<div class=\"book-review-wrapper orderedby-title\" id=\"book-review-2632\">\n\t\t\t\t<h3><a href=\"https:\/\/sovamm.cz\/wordpress\/book-review\/vesnice-a-osady-na-uzemi-velke-prahy-s-pamatkami-slohove-a-lidove-architektury\/\">Vesnice a&nbsp;osady na \u00fazem\u00ed Velk\u00e9 Prahy s&nbsp;pam\u00e1tkami slohov\u00e9 a&nbsp;lidov\u00e9 architektury<\/a><\/h3>\n\t\t\t\t<div class=\"book-review-sc post-2632 book-review type-book-review status-publish has-post-thumbnail hentry genre-odborna-literatura-cs genre-popularne-naucna-literatura-cs book-author-cernansky-martin\">\n\t\t\t\t\t\t\t\t\t\t\t<a href=\"https:\/\/sovamm.cz\/wordpress\/book-review\/vesnice-a-osady-na-uzemi-velke-prahy-s-pamatkami-slohove-a-lidove-architektury\/\" title=\"Vesnice a&nbsp;osady na \u00fazem\u00ed Velk\u00e9 Prahy s&nbsp;pam\u00e1tkami slohov\u00e9 a&nbsp;lidov\u00e9 architektury\" class=\"alignleft pull-left thumbnail\">\n\t\t\t\t\t\t\t<img loading=\"lazy\" decoding=\"async\" width=\"133\" height=\"159\" src=\"https:\/\/i0.wp.com\/sovamm.cz\/wordpress\/wp-content\/uploads\/2019\/03\/Vesnice_Praha-e1553507701417.jpg?fit=133%2C159&amp;ssl=1\" class=\"attachment-book-cover size-book-cover wp-post-image\" alt=\"\" srcset=\"https:\/\/i0.wp.com\/sovamm.cz\/wordpress\/wp-content\/uploads\/2019\/03\/Vesnice_Praha-e1553507701417.jpg?w=1038&amp;ssl=1 1038w, https:\/\/i0.wp.com\/sovamm.cz\/wordpress\/wp-content\/uploads\/2019\/03\/Vesnice_Praha-e1553507701417.jpg?w=948&amp;ssl=1 948w\" sizes=\"auto, (max-width: 133px) 100vw, 133px\" data-attachment-id=\"2638\" data-permalink=\"https:\/\/sovamm.cz\/wordpress\/book-review\/vesnice-a-osady-na-uzemi-velke-prahy-s-pamatkami-slohove-a-lidove-architektury\/vesnice_praha\/\" data-orig-file=\"https:\/\/i0.wp.com\/sovamm.cz\/wordpress\/wp-content\/uploads\/2019\/03\/Vesnice_Praha-e1553507701417.jpg?fit=1038%2C1244&amp;ssl=1\" data-orig-size=\"1038,1244\" data-comments-opened=\"1\" data-image-meta=\"{&quot;aperture&quot;:&quot;0&quot;,&quot;credit&quot;:&quot;&quot;,&quot;camera&quot;:&quot;&quot;,&quot;caption&quot;:&quot;&quot;,&quot;created_timestamp&quot;:&quot;0&quot;,&quot;copyright&quot;:&quot;&quot;,&quot;focal_length&quot;:&quot;0&quot;,&quot;iso&quot;:&quot;0&quot;,&quot;shutter_speed&quot;:&quot;0&quot;,&quot;title&quot;:&quot;&quot;,&quot;orientation&quot;:&quot;1&quot;}\" data-image-title=\"Vesnice_Praha\" data-image-description=\"\" data-image-caption=\"\" data-large-file=\"https:\/\/i0.wp.com\/sovamm.cz\/wordpress\/wp-content\/uploads\/2019\/03\/Vesnice_Praha-e1553507701417.jpg?fit=474%2C568&amp;ssl=1\" \/>\t\t\t\t\t\t<\/a>\n\t\t\t\t\t\n\t\t\t\t\t\t\t\t\t\t\t\t<p>\u010cER\u0147ANSK\u00dd, Martin a&nbsp;Lubom\u00edr PROCH\u00c1ZKA. Vesnice a&nbsp;osady na \u00fazem\u00ed Velk\u00e9 Prahy s&nbsp;pam\u00e1tkami slohov\u00e9 a&nbsp;lidov\u00e9 architektury. Praha: Hlavn\u00ed m\u011bsto Praha &#8211; odbor pam\u00e1tkov\u00e9 p\u00e9\u010de Magistr\u00e1tu hl. m. Prahy, 2015-. ISBN 978-80-260-9070-0.<\/p>\n\t\t\t\t\t\t\t\t\t\t<\/div>\n\n\t\t\t\t<div class=\"post-meta\">\n\t\t\t\t\t\t\t\t\t<\/div>\n\t\t\t\t<div class=\"post-data\">\n\t\t\t\t\t\t\t\t\t\t\t\t\t\t\t\t<span class=\"genre\"><strong>\u017d\u00e1nr:<\/strong> <a href=\"https:\/\/sovamm.cz\/wordpress\/?genre=odborna-literatura-cs\">odborn\u00e1 literatura<\/a>, <a href=\"https:\/\/sovamm.cz\/wordpress\/?genre=popularne-naucna-literatura-cs\">popul\u00e1rn\u011b nau\u010dn\u00e1 literatura<\/a><\/span><br \/>\n\t\t\t\t\t\t\t\t\t\t\t\t\t\t\t\t\t\t\t\t\t\t\t\t<\/div>\n\t\t\t<\/div>\n\t\t\t\n","protected":false},"excerpt":{"rendered":"<p>Narozen 5.6.1974. Pam\u00e1tk\u00e1\u0159, publicista, vydavatel internetov\u00e9ho port\u00e1lu Pam\u00e1tky a\u00a0lidov\u00e1 architektura \u010cR. Autor SOVPIS \u00a6 Who is who in SOVAMM<\/p>\n","protected":false},"author":2,"featured_media":0,"parent":5279,"menu_order":0,"comment_status":"closed","ping_status":"closed","template":"","meta":{"jetpack_post_was_ever_published":false,"footnotes":""},"class_list":["post-2738","page","type-page","status-publish","hentry","has-post-thumbnail"],"jetpack_shortlink":"https:\/\/wp.me\/P8dB8l-Ia","jetpack_sharing_enabled":true,"_links":{"self":[{"href":"https:\/\/sovamm.cz\/wordpress\/wp-json\/wp\/v2\/pages\/2738","targetHints":{"allow":["GET"]}}],"collection":[{"href":"https:\/\/sovamm.cz\/wordpress\/wp-json\/wp\/v2\/pages"}],"about":[{"href":"https:\/\/sovamm.cz\/wordpress\/wp-json\/wp\/v2\/types\/page"}],"author":[{"embeddable":true,"href":"https:\/\/sovamm.cz\/wordpress\/wp-json\/wp\/v2\/users\/2"}],"replies":[{"embeddable":true,"href":"https:\/\/sovamm.cz\/wordpress\/wp-json\/wp\/v2\/comments?post=2738"}],"version-history":[{"count":7,"href":"https:\/\/sovamm.cz\/wordpress\/wp-json\/wp\/v2\/pages\/2738\/revisions"}],"predecessor-version":[{"id":2746,"href":"https:\/\/sovamm.cz\/wordpress\/wp-json\/wp\/v2\/pages\/2738\/revisions\/2746"}],"up":[{"embeddable":true,"href":"https:\/\/sovamm.cz\/wordpress\/wp-json\/wp\/v2\/pages\/5279"}],"wp:attachment":[{"href":"https:\/\/sovamm.cz\/wordpress\/wp-json\/wp\/v2\/media?parent=2738"}],"curies":[{"name":"wp","href":"https:\/\/api.w.org\/{rel}","templated":true}]}}