{"id":250,"date":"2016-10-14T23:04:23","date_gmt":"2016-10-14T21:04:23","guid":{"rendered":"http:\/\/sovamm.cz\/wordpress\/?page_id=250"},"modified":"2025-03-13T11:46:48","modified_gmt":"2025-03-13T10:46:48","slug":"navody","status":"publish","type":"page","link":"https:\/\/sovamm.cz\/wordpress\/navody\/","title":{"rendered":"N\u00e1vody"},"content":{"rendered":"<p>Jsou rozd\u011bleny do n\u011bkolika z\u00e1kladn\u00edch odd\u00edl\u016f, tak jak to vy\u017eaduje pr\u00e1ce na SOVPIS.<\/p>\n<ul>\n<li><a href=\"http:\/\/sovamm.cz\/wordpress\/blog-aneb-blok-sovpis\/\" target=\"_blank\" rel=\"noopener noreferrer\">Str\u00e1nky a&nbsp;blog aneb blok SOVPIS<\/a> &#8211; tj.&nbsp;z\u00e1kladn\u00ed informace o&nbsp;projektu, odkazy a&nbsp;n\u00e1vody, akce<\/li>\n<li><a href=\"http:\/\/sovamm.cz\/wordpress\/navody\/uloziste-sovpis\/\" target=\"_blank\" rel=\"noopener noreferrer\">Prim\u00e1rn\u00ed \u00falo\u017ei\u0161t\u011b dat SOVPIS<\/a>\n<ul>\n<li>\u00dalo\u017ei\u0161t\u011b<\/li>\n<li>Fotostation<\/li>\n<li>Tabulky, p\u0159ehledy, evidence<\/li>\n<\/ul>\n<\/li>\n<li><a href=\"http:\/\/sovamm.cz\/wordpress\/navody\/iispp\/\" target=\"_blank\" rel=\"noopener noreferrer\">Integrovan\u00fd informa\u010dn\u00ed syst\u00e9m pam\u00e1tkov\u00e9 p\u00e9\u010de (IISPP)<\/a>\n<ul>\n<li>Prostorov\u00e1 \/ \u00fazemn\u00ed identifikace<\/li>\n<li>MIS<\/li>\n<\/ul>\n<\/li>\n<\/ul>\n<p>N\u00e1vody jsou postupn\u011b dopl\u0148ov\u00e1ny. N\u011bkter\u00e9 str\u00e1nky ur\u010den\u00e9 p\u0159isp\u011bvatel\u016fm a&nbsp;spolupracovn\u00edk\u016fm SOVPIS vy\u017eaduj\u00ed <a href=\"https:\/\/www.sovamm.cz\/wordpress\/prihlaseni\/\">p\u0159ihl\u00e1\u0161eni<\/a>!!!<\/p>\n<p>&nbsp;<\/p>\n<p>Aktualizov\u00e1no: <span class=\"last-modified-timestamp\">13\/03\/2025 11:46<\/span><\/p>\n","protected":false},"excerpt":{"rendered":"<p>Jsou rozd\u011bleny do n\u011bkolika z\u00e1kladn\u00edch odd\u00edl\u016f, tak jak to vy\u017eaduje pr\u00e1ce na SOVPIS. Str\u00e1nky a&nbsp;blog aneb blok SOVPIS &#8211; tj.&nbsp;z\u00e1kladn\u00ed informace o&nbsp;projektu, odkazy a&nbsp;n\u00e1vody, akce Prim\u00e1rn\u00ed \u00falo\u017ei\u0161t\u011b dat SOVPIS \u00dalo\u017ei\u0161t\u011b &hellip; <a href=\"https:\/\/sovamm.cz\/wordpress\/navody\/\" class=\"more-link\">Pokra\u010dov\u00e1n\u00ed textu <span class=\"screen-reader-text\">N\u00e1vody<\/span> <span class=\"meta-nav\">&rarr;<\/span><\/a><\/p>\n","protected":false},"author":1,"featured_media":893,"parent":0,"menu_order":2,"comment_status":"closed","ping_status":"closed","template":"","meta":{"jetpack_post_was_ever_published":false,"footnotes":""},"class_list":["post-250","page","type-page","status-publish","has-post-thumbnail","hentry"],"jetpack_shortlink":"https:\/\/wp.me\/P8dB8l-42","jetpack_sharing_enabled":true,"_links":{"self":[{"href":"https:\/\/sovamm.cz\/wordpress\/wp-json\/wp\/v2\/pages\/250","targetHints":{"allow":["GET"]}}],"collection":[{"href":"https:\/\/sovamm.cz\/wordpress\/wp-json\/wp\/v2\/pages"}],"about":[{"href":"https:\/\/sovamm.cz\/wordpress\/wp-json\/wp\/v2\/types\/page"}],"author":[{"embeddable":true,"href":"https:\/\/sovamm.cz\/wordpress\/wp-json\/wp\/v2\/users\/1"}],"replies":[{"embeddable":true,"href":"https:\/\/sovamm.cz\/wordpress\/wp-json\/wp\/v2\/comments?post=250"}],"version-history":[{"count":4,"href":"https:\/\/sovamm.cz\/wordpress\/wp-json\/wp\/v2\/pages\/250\/revisions"}],"predecessor-version":[{"id":6571,"href":"https:\/\/sovamm.cz\/wordpress\/wp-json\/wp\/v2\/pages\/250\/revisions\/6571"}],"wp:featuredmedia":[{"embeddable":true,"href":"https:\/\/sovamm.cz\/wordpress\/wp-json\/wp\/v2\/media\/893"}],"wp:attachment":[{"href":"https:\/\/sovamm.cz\/wordpress\/wp-json\/wp\/v2\/media?parent=250"}],"curies":[{"name":"wp","href":"https:\/\/api.w.org\/{rel}","templated":true}]}}