{"id":1886,"date":"2018-01-20T19:40:56","date_gmt":"2018-01-20T18:40:56","guid":{"rendered":"https:\/\/www.sovamm.cz\/wordpress\/?page_id=1886"},"modified":"2025-03-13T13:43:12","modified_gmt":"2025-03-13T12:43:12","slug":"o-tabulce-lokalit-sovpis","status":"publish","type":"page","link":"https:\/\/sovamm.cz\/wordpress\/sovpis\/o-tabulce-lokalit-sovpis\/","title":{"rendered":"O tabulk\u00e1ch lokalit"},"content":{"rendered":"<p>Tabulky <strong><a href=\"https:\/\/www.sovamm.cz\/wordpress\/sovpis\/lokality-sovpis-2\/lokality-sovpis-a\/\" target=\"_blank\" rel=\"noopener noreferrer\">Lokality SOVPIS<\/a><\/strong> obsahuj\u00ed p\u0159ehled lokalit, z&nbsp;nich\u017e jsou archivn\u00ed dokumenty SOVAMM postupn\u011b zve\u0159ej\u0148ov\u00e1ny pomoc\u00ed aplikace <a href=\"https:\/\/archiv.sovamm.cz\/photo\" target=\"_blank\" rel=\"noopener noreferrer\">Photo Station<\/a>.<\/p>\n<p>Tabulky obsahuj\u00ed pro ka\u017edou lokalitu, kter\u00e1 je ji\u017e ve PhotoStation zve\u0159ejn\u011bna, n\u00e1hledov\u00fd obr\u00e1zek vybran\u00e9 fotografie, kod lokality (kod_cz), n\u00e1zev lokality s&nbsp;up\u0159es\u0148uj\u00edc\u00edmi \u00fadaji z&nbsp;pole Lokalita_G datab\u00e1ze CZ_Retro (historick\u00fd region \/ re\u00e1ln\u00fd typ lokality), odkaz do mapy Pam\u00e1tkov\u00e9ho katalogu, slo\u017eek SOVPIS p\u0159\u00edstupn\u00fdch prost\u0159ednictv\u00edm Photo Station a&nbsp;dokument\u016f SOVAMM ulo\u017een\u00fdch v&nbsp;MIS.<\/p>\n<p>Tabulky umo\u017e\u0148uj\u00ed fulltextov\u00e9 vyhled\u00e1v\u00e1n\u00ed \/ fitrov\u00e1n\u00ed zad\u00e1n\u00edm textov\u00e9ho \u0159et\u011bzce do pole <em>Hledat<\/em>.<br \/>\nImplicitn\u011b je nastaveno zobrazen\u00ed po&nbsp;10 z\u00e1znamech na str\u00e1nku. U\u017eivatel m\u016f\u017ee po\u010det zobrazen\u00fdch z\u00e1znam\u016f zm\u011bnit v\u00fdb\u011brem z&nbsp;roletky <em>Zobraz z\u00e1znam\u016f<\/em>. Listov\u00e1n\u00ed v&nbsp;p\u0159\u00edpad\u011b zobrazen\u00ed v\u011bt\u0161\u00edho po\u010dtu z\u00e1znam\u016f umo\u017e\u0148uje p\u0159ep\u00edn\u00e1n\u00ed <em>&lt; P\u0159edchoz\u00ed \u00a6 Dal\u0161\u00ed\u00a0&gt;<\/em> vpravo dole pod tabulkou.<\/p>\n<p><img data-recalc-dims=\"1\" loading=\"lazy\" decoding=\"async\" data-attachment-id=\"931\" data-permalink=\"https:\/\/sovamm.cz\/wordpress\/2017\/01\/09\/sovpis-se-plni\/lokality_sovpis_kanovice\/\" data-orig-file=\"https:\/\/i0.wp.com\/sovamm.cz\/wordpress\/wp-content\/uploads\/2017\/01\/lokality_SOVPIS_Kanovice.jpg?fit=536%2C310&amp;ssl=1\" data-orig-size=\"536,310\" data-comments-opened=\"1\" data-image-meta=\"{&quot;aperture&quot;:&quot;0&quot;,&quot;credit&quot;:&quot;&quot;,&quot;camera&quot;:&quot;&quot;,&quot;caption&quot;:&quot;&quot;,&quot;created_timestamp&quot;:&quot;0&quot;,&quot;copyright&quot;:&quot;&quot;,&quot;focal_length&quot;:&quot;0&quot;,&quot;iso&quot;:&quot;0&quot;,&quot;shutter_speed&quot;:&quot;0&quot;,&quot;title&quot;:&quot;&quot;,&quot;orientation&quot;:&quot;1&quot;}\" data-image-title=\"lokality_sovpis_kanovice\" data-image-description=\"\" data-image-caption=\"\" data-large-file=\"https:\/\/i0.wp.com\/sovamm.cz\/wordpress\/wp-content\/uploads\/2017\/01\/lokality_SOVPIS_Kanovice.jpg?fit=474%2C274&amp;ssl=1\" class=\"aligncenter wp-image-931 size-full\" src=\"https:\/\/i0.wp.com\/sovamm.cz\/wordpress\/wp-content\/uploads\/2017\/01\/lokality_SOVPIS_Kanovice.jpg?resize=474%2C274\" sizes=\"auto, (max-width: 536px) 100vw, 536px\" srcset=\"https:\/\/www.sovamm.cz\/wordpress\/wp-content\/uploads\/2017\/01\/lokality_SOVPIS_Kanovice.jpg 536w, https:\/\/www.sovamm.cz\/wordpress\/wp-content\/uploads\/2017\/01\/lokality_SOVPIS_Kanovice-300x174.jpg 300w\" alt=\"lokality_sovpis_kanovice\" width=\"474\" height=\"274\" \/><\/p>\n<ul>\n<li><strong><a href=\"https:\/\/geoportal.npu.cz\/webappbuilder\/apps\/93\/?se=Prostorov%C4%9B%20identifika%C4%8Dn%C3%AD%20prvky%20IISPP&amp;la=2&amp;fk0=KOD_CZ&amp;fv0=6360&amp;zo=1\" target=\"_blank\" rel=\"noopener noreferrer\">Odkaz do mapy Pam\u00e1tkov\u00e9ho katalogu<\/a><\/strong> sm\u011b\u0159uje na defini\u010dn\u00ed bod lokality v&nbsp;mapov\u00e9 aplikaci Geoport\u00e1lu pam\u00e1tkov\u00e9 p\u00e9\u010de<br \/>\n(<em><span style=\"color: #333300;\">https:\/\/geoportal.npu.cz\/webappbuilder\/apps\/93\/?se=<br \/>\nProstorov%C4%9B%20identifika%C4%8Dn%C3%AD%20prvky<br \/>\n%20IISPP&amp;la=2&amp;fk0=KOD_CZ&amp;fv0=6360&amp;zo=1<\/span><\/em><span style=\"color: #333300;\">)<\/span>, kde 6360 je kod lokality Ka\u0148ovic (Ka\u0148ovice \/Luha\u010dovice\/ ves).<\/li>\n<li><strong><a href=\"https:\/\/archiv.sovamm.cz\/photo\/?t=Albums\/album_534f56504953\/album_534f565049532f435a45\/album_534f565049532f435a452f4b616e6f766963655f3036333630#Albums\/album_534f56504953\/album_534f565049532f435a45\/album_534f565049532f435a452f4b616e6f766963655f3036333630\" target=\"_blank\" rel=\"noopener noreferrer\">Odkaz do slo\u017eky SOVPIS<\/a><\/strong> ve PhotoStation je vytvo\u0159en pomoc\u00ed n\u00e1stroj\u016f pro sd\u00edlen\u00ed dostupn\u00fdch v\u00a0t\u00e9to aplikaci.<\/li>\n<li><strong><a href=\"http:\/\/iispp.npu.cz\/mis_public\/searchDocument.htm?search=lokalita%3A+6360+AND+fond%3A+Archiv+SOVAMM\" target=\"_blank\" rel=\"noopener noreferrer\">Odkaz do MIS<\/a><\/strong> je formulov\u00e1n na principu v\u00fdsledk\u016f fulltextov\u00e9ho vyhled\u00e1v\u00e1n\u00ed pomoc\u00ed oblast\u00ed, kter\u00e9 sami m\u016f\u017eete zadat do\u00a0 okna pro fulltextov\u00e9 vyhled\u00e1v\u00e1n\u00ed ve form\u00e1tu: <em>lokalita: 6360 AND fond: Archiv SOVAMM<\/em> (<em>https:\/\/iispp.npu.cz\/mis_public\/searchDocument.htm?search=lokalita%3A+6360+AND+fond%3A+Archiv+SOVAMM<\/em>), kde 6360 je hodnota k\u00f3du lokality (v&nbsp;na\u0161em p\u0159\u00edkladu Ka\u0148ovic (Ka\u0148ovice \/Luha\u010dovice\/ ves)).<\/li>\n<\/ul>\n<p>Aktualizov\u00e1no: <span class=\"last-modified-timestamp\">13\/03\/2025 13:43<\/span><\/p>\n","protected":false},"excerpt":{"rendered":"<p>Tabulky Lokality SOVPIS obsahuj\u00ed p\u0159ehled lokalit, z&nbsp;nich\u017e jsou archivn\u00ed dokumenty SOVAMM postupn\u011b zve\u0159ej\u0148ov\u00e1ny pomoc\u00ed aplikace Photo Station. Tabulky obsahuj\u00ed pro ka\u017edou lokalitu, kter\u00e1 je ji\u017e ve PhotoStation zve\u0159ejn\u011bna, n\u00e1hledov\u00fd obr\u00e1zek &hellip; <a href=\"https:\/\/sovamm.cz\/wordpress\/sovpis\/o-tabulce-lokalit-sovpis\/\" class=\"more-link\">Pokra\u010dov\u00e1n\u00ed textu <span class=\"screen-reader-text\">O tabulk\u00e1ch lokalit<\/span> <span class=\"meta-nav\">&rarr;<\/span><\/a><\/p>\n","protected":false},"author":2,"featured_media":0,"parent":7,"menu_order":7,"comment_status":"closed","ping_status":"closed","template":"","meta":{"jetpack_post_was_ever_published":false,"footnotes":""},"class_list":["post-1886","page","type-page","status-publish","hentry"],"jetpack_shortlink":"https:\/\/wp.me\/P8dB8l-uq","jetpack_sharing_enabled":true,"_links":{"self":[{"href":"https:\/\/sovamm.cz\/wordpress\/wp-json\/wp\/v2\/pages\/1886","targetHints":{"allow":["GET"]}}],"collection":[{"href":"https:\/\/sovamm.cz\/wordpress\/wp-json\/wp\/v2\/pages"}],"about":[{"href":"https:\/\/sovamm.cz\/wordpress\/wp-json\/wp\/v2\/types\/page"}],"author":[{"embeddable":true,"href":"https:\/\/sovamm.cz\/wordpress\/wp-json\/wp\/v2\/users\/2"}],"replies":[{"embeddable":true,"href":"https:\/\/sovamm.cz\/wordpress\/wp-json\/wp\/v2\/comments?post=1886"}],"version-history":[{"count":11,"href":"https:\/\/sovamm.cz\/wordpress\/wp-json\/wp\/v2\/pages\/1886\/revisions"}],"predecessor-version":[{"id":6475,"href":"https:\/\/sovamm.cz\/wordpress\/wp-json\/wp\/v2\/pages\/1886\/revisions\/6475"}],"up":[{"embeddable":true,"href":"https:\/\/sovamm.cz\/wordpress\/wp-json\/wp\/v2\/pages\/7"}],"wp:attachment":[{"href":"https:\/\/sovamm.cz\/wordpress\/wp-json\/wp\/v2\/media?parent=1886"}],"curies":[{"name":"wp","href":"https:\/\/api.w.org\/{rel}","templated":true}]}}