{"id":172,"date":"2016-10-09T17:23:32","date_gmt":"2016-10-09T15:23:32","guid":{"rendered":"http:\/\/sovamm.synology.me\/wordpress\/?page_id=172"},"modified":"2025-03-14T10:58:59","modified_gmt":"2025-03-14T09:58:59","slug":"karel-kuca","status":"publish","type":"page","link":"https:\/\/sovamm.cz\/wordpress\/sovpis\/autori\/karel-kuca\/","title":{"rendered":"Karel Ku\u010da"},"content":{"rendered":"<p><i>Narozen 13.4.1961 v&nbsp;Chlumci nad Cidlinou. Historik architektury a&nbsp;urbanismu, v\u00fdtvarn\u00edk, fotograf, publicista.<\/i><\/p>\n<ul>\n<li>Zakl\u00e1daj\u00edc\u00ed \u010dlen, vicepresident a&nbsp;tajn\u00fd v\u011bdeck\u00fd rada <a href=\"https:\/\/sovamm.wordpress.com\" target=\"_blank\" rel=\"noopener noreferrer\">SOVAMM,<\/a><\/li>\n<li><span lang=\"CS\">Spoluzakladatel a&nbsp;p\u0159edseda: <a href=\"http:\/\/www.woodenchurch.eu\/\">Spole\u010dnosti pro v\u00fdzkum d\u0159ev\u011bn\u00fdch kostel\u016f a&nbsp;zvonic<\/a>,\u00a0<\/span><\/li>\n<li><span lang=\"CS\">M\u00edstostarosta <a href=\"http:\/\/spolecnostps.wz.cz\/\">Spole\u010dnosti p\u0159\u00e1tel staro\u017eitnost\u00ed<\/a>,\u00a0<\/span><\/li>\n<li><span lang=\"CS\">\u010clen <a href=\"http:\/\/www.icomos.cz\/\">\u010cesk\u00e9ho n\u00e1rodn\u00edho komit\u00e9tu ICOMOS<\/a>, <\/span><\/li>\n<li><span lang=\"CS\">\u010clen \u0159ady odborn\u00fdch gremi\u00ed N\u00e1rodn\u00edho pam\u00e1tkov\u00e9ho \u00fastavu a&nbsp;Ministerstva kultury.<\/span><\/li>\n<\/ul>\n<p>Stru\u010dn\u00e1 biografie a&nbsp;bibliografie: <a href=\"https:\/\/sovamm.wordpress.com\/who-is-who\/karel-kuca\/\" target=\"_blank\" rel=\"noopener noreferrer\"><em>Who is who in SOVAMM<\/em><\/a><\/p>\n<p>N\u00e1rodn\u00ed autority \u010cR: <a href=\"http:\/\/aleph.nkp.cz\/F\/?local_base=aut&amp;func=find-c&amp;ccl_term=ica=jn20010310024\">jn20010310024<\/a><\/p>\n<p>E-po\u0161ta: kuca@sovamm.cz<\/p>\n","protected":false},"excerpt":{"rendered":"<p>Narozen 13.4.1961 v&nbsp;Chlumci nad Cidlinou. Historik architektury a&nbsp;urbanismu, v\u00fdtvarn\u00edk, fotograf, publicista. Zakl\u00e1daj\u00edc\u00ed \u010dlen, vicepresident a&nbsp;tajn\u00fd v\u011bdeck\u00fd rada SOVAMM, Spoluzakladatel a&nbsp;p\u0159edseda: Spole\u010dnosti pro v\u00fdzkum d\u0159ev\u011bn\u00fdch kostel\u016f a&nbsp;zvonic,\u00a0 M\u00edstostarosta Spole\u010dnosti p\u0159\u00e1tel staro\u017eitnost\u00ed,\u00a0 &hellip; <a href=\"https:\/\/sovamm.cz\/wordpress\/sovpis\/autori\/karel-kuca\/\" class=\"more-link\">Pokra\u010dov\u00e1n\u00ed textu <span class=\"screen-reader-text\">Karel Ku\u010da<\/span> <span class=\"meta-nav\">&rarr;<\/span><\/a><\/p>\n","protected":false},"author":1,"featured_media":0,"parent":128,"menu_order":61,"comment_status":"closed","ping_status":"closed","template":"","meta":{"jetpack_post_was_ever_published":false,"footnotes":""},"class_list":["post-172","page","type-page","status-publish","hentry"],"jetpack_shortlink":"https:\/\/wp.me\/P8dB8l-2M","jetpack_sharing_enabled":true,"_links":{"self":[{"href":"https:\/\/sovamm.cz\/wordpress\/wp-json\/wp\/v2\/pages\/172","targetHints":{"allow":["GET"]}}],"collection":[{"href":"https:\/\/sovamm.cz\/wordpress\/wp-json\/wp\/v2\/pages"}],"about":[{"href":"https:\/\/sovamm.cz\/wordpress\/wp-json\/wp\/v2\/types\/page"}],"author":[{"embeddable":true,"href":"https:\/\/sovamm.cz\/wordpress\/wp-json\/wp\/v2\/users\/1"}],"replies":[{"embeddable":true,"href":"https:\/\/sovamm.cz\/wordpress\/wp-json\/wp\/v2\/comments?post=172"}],"version-history":[{"count":3,"href":"https:\/\/sovamm.cz\/wordpress\/wp-json\/wp\/v2\/pages\/172\/revisions"}],"predecessor-version":[{"id":6862,"href":"https:\/\/sovamm.cz\/wordpress\/wp-json\/wp\/v2\/pages\/172\/revisions\/6862"}],"up":[{"embeddable":true,"href":"https:\/\/sovamm.cz\/wordpress\/wp-json\/wp\/v2\/pages\/128"}],"wp:attachment":[{"href":"https:\/\/sovamm.cz\/wordpress\/wp-json\/wp\/v2\/media?parent=172"}],"curies":[{"name":"wp","href":"https:\/\/api.w.org\/{rel}","templated":true}]}}